CRAN Package Check Results for Package ppcc

Last updated on 2025-07-25 07:49:40 CEST.

Flavor Version Tinstall Tcheck Ttotal Status Flags
r-devel-linux-x86_64-debian-clang 1.2 5.33 20.10 25.43 NOTE
r-devel-linux-x86_64-debian-gcc 1.2 4.10 16.58 20.68 NOTE
r-devel-linux-x86_64-fedora-clang 1.2 38.00 OK
r-devel-linux-x86_64-fedora-gcc 1.2 36.76 OK
r-devel-windows-x86_64 1.2 11.00 52.00 63.00 OK
r-patched-linux-x86_64 1.2 4.75 19.24 23.99 OK
r-release-linux-x86_64 1.2 4.70 19.17 23.87 OK
r-release-macos-arm64 1.2 18.00 OK
r-release-macos-x86_64 1.2 32.00 OK
r-release-windows-x86_64 1.2 11.00 45.00 56.00 OK
r-oldrel-macos-arm64 1.2 25.00 OK
r-oldrel-macos-x86_64 1.2 23.00 OK
r-oldrel-windows-x86_64 1.2 11.00 46.00 57.00 OK

Check Details

Version: 1.2
Check: CRAN incoming feasibility
Result: NOTE Maintainer: ‘Thorsten Pohlert <thorsten.pohlert@gmx.de>’ No Authors@R field in DESCRIPTION. Please add one, modifying Authors@R: person(given = "Thorsten", family = "Pohlert", role = c("aut", "cre"), email = "thorsten.pohlert@gmx.de") as necessary. Flavors: r-devel-linux-x86_64-debian-clang, r-devel-linux-x86_64-debian-gcc