Last updated on 2025-10-31 07:51:54 CET.
| Flavor | Version | Tinstall | Tcheck | Ttotal | Status | Flags | 
|---|---|---|---|---|---|---|
| r-devel-linux-x86_64-debian-clang | 1.1.3 | 2.59 | 22.38 | 24.97 | NOTE | |
| r-devel-linux-x86_64-debian-gcc | 1.1.3 | 1.91 | 17.89 | 19.80 | NOTE | |
| r-devel-linux-x86_64-fedora-clang | 1.1.3 | 37.50 | OK | |||
| r-devel-linux-x86_64-fedora-gcc | 1.1.3 | 35.52 | OK | |||
| r-devel-windows-x86_64 | 1.1.3 | 3.00 | 39.00 | 42.00 | OK | |
| r-patched-linux-x86_64 | 1.1.3 | 2.56 | 21.26 | 23.82 | OK | |
| r-release-linux-x86_64 | 1.1.3 | 2.61 | 21.21 | 23.82 | OK | |
| r-release-macos-arm64 | 1.1.3 | 1.00 | 14.00 | 15.00 | OK | |
| r-release-macos-x86_64 | 1.1.3 | 2.00 | 23.00 | 25.00 | OK | |
| r-release-windows-x86_64 | 1.1.3 | 4.00 | 48.00 | 52.00 | OK | |
| r-oldrel-macos-arm64 | 1.1.3 | 1.00 | 20.00 | 21.00 | OK | |
| r-oldrel-macos-x86_64 | 1.1.3 | 2.00 | 19.00 | 21.00 | OK | |
| r-oldrel-windows-x86_64 | 1.1.3 | 6.00 | 47.00 | 53.00 | OK | 
Version: 1.1.3
Check: CRAN incoming feasibility
Result: NOTE
  Maintainer: ‘Charles Kooperberg <clk@fredhutch.org>’
  
  No Authors@R field in DESCRIPTION.
  Please add one, modifying
    Authors@R: c(person(given = "Charles",
                        family = "Kooperberg",
                        role = c("aut", "cre"),
                        email = "clk@fredhutch.org"),
                 person(given = "Li",
                        family = "Hsu",
                        role = "aut",
                        email = "lih@fredhutch.org"))
  as necessary.
Flavors: r-devel-linux-x86_64-debian-clang, r-devel-linux-x86_64-debian-gcc