Last updated on 2025-04-29 13:51:35 CEST.
Flavor | Version | Tinstall | Tcheck | Ttotal | Status | Flags |
---|---|---|---|---|---|---|
r-devel-linux-x86_64-debian-clang | 0.3-0 | 13.36 | 126.96 | 140.32 | NOTE | |
r-devel-linux-x86_64-debian-gcc | 0.3-0 | 10.08 | 90.50 | 100.58 | NOTE | |
r-devel-linux-x86_64-fedora-clang | 0.3-0 | 221.55 | OK | |||
r-devel-linux-x86_64-fedora-gcc | 0.3-0 | 195.09 | OK | |||
r-devel-windows-x86_64 | 0.3-0 | 13.00 | 135.00 | 148.00 | OK | |
r-patched-linux-x86_64 | 0.3-0 | 13.35 | 121.13 | 134.48 | OK | |
r-release-linux-x86_64 | 0.3-0 | 11.07 | 121.72 | 132.79 | OK | |
r-release-macos-arm64 | 0.3-0 | 53.00 | OK | |||
r-release-macos-x86_64 | 0.3-0 | 113.00 | OK | |||
r-release-windows-x86_64 | 0.3-0 | 13.00 | 135.00 | 148.00 | OK | |
r-oldrel-macos-arm64 | 0.3-0 | 63.00 | OK | |||
r-oldrel-macos-x86_64 | 0.3-0 | 114.00 | OK | |||
r-oldrel-windows-x86_64 | 0.3-0 | 19.00 | 173.00 | 192.00 | OK |
Version: 0.3-0
Check: examples
Result: NOTE
Examples with CPU (user + system) or elapsed time > 5s
user system elapsed
Xu2018 7.645 0.199 10.532
loo 6.978 0.145 8.951
plot.loo.poth 6.933 0.090 8.656
subset.poth 6.542 0.015 9.003
Flavor: r-devel-linux-x86_64-debian-clang
Version: 0.3-0
Check: examples
Result: NOTE
Examples with CPU (user + system) or elapsed time > 5s
user system elapsed
Xu2018 4.815 0.375 5.962
loo 4.078 0.267 5.196
plot.loo.poth 4.069 0.144 5.033
Flavor: r-devel-linux-x86_64-debian-gcc