Last updated on 2025-05-09 04:52:05 CEST.
Flavor | Version | Tinstall | Tcheck | Ttotal | Status | Flags |
---|---|---|---|---|---|---|
r-devel-linux-x86_64-debian-clang | 2.4.0.2 | 23.69 | 171.77 | 195.46 | OK | |
r-devel-linux-x86_64-debian-gcc | 2.4.0.2 | 18.51 | 122.75 | 141.26 | OK | |
r-devel-linux-x86_64-fedora-clang | 2.4.0.2 | 329.42 | NOTE | |||
r-devel-linux-x86_64-fedora-gcc | 2.4.0.2 | 310.87 | NOTE | |||
r-devel-windows-x86_64 | 2.4.0.2 | 23.00 | 152.00 | 175.00 | OK | |
r-patched-linux-x86_64 | 2.4.0.2 | 23.54 | 162.51 | 186.05 | OK | |
r-release-linux-x86_64 | 2.4.0.2 | 21.77 | 161.98 | 183.75 | OK | |
r-release-macos-arm64 | 2.4.0.2 | 92.00 | OK | |||
r-release-macos-x86_64 | 2.4.0.2 | 144.00 | OK | |||
r-release-windows-x86_64 | 2.4.0.2 | 24.00 | 147.00 | 171.00 | OK | |
r-oldrel-macos-arm64 | 2.4.0.2 | 75.00 | OK | |||
r-oldrel-macos-x86_64 | 2.4.0.2 | 107.00 | OK | |||
r-oldrel-windows-x86_64 | 2.4.0.2 | 32.00 | 188.00 | 220.00 | OK |
Version: 2.4.0.2
Check: dependencies in R code
Result: NOTE
Namespaces in Imports field not imported from:
‘ActCR’ ‘ActFrag’ ‘tidyr’
All declared Imports should be used.
Flavors: r-devel-linux-x86_64-fedora-clang, r-devel-linux-x86_64-fedora-gcc