Last updated on 2025-04-30 13:54:24 CEST.
Flavor | Version | Tinstall | Tcheck | Ttotal | Status | Flags |
---|---|---|---|---|---|---|
r-devel-linux-x86_64-debian-clang | 6.0 | 9.15 | 72.77 | 81.92 | NOTE | |
r-devel-linux-x86_64-debian-gcc | 6.0 | 6.62 | 51.68 | 58.30 | NOTE | |
r-devel-linux-x86_64-fedora-clang | 6.0 | 115.02 | OK | |||
r-devel-linux-x86_64-fedora-gcc | 6.0 | 106.53 | OK | |||
r-devel-windows-x86_64 | 6.0 | 11.00 | 91.00 | 102.00 | OK | |
r-patched-linux-x86_64 | 6.0 | 9.64 | 67.77 | 77.41 | OK | |
r-release-linux-x86_64 | 6.0 | 8.57 | 67.61 | 76.18 | OK | |
r-release-macos-arm64 | 6.0 | 35.00 | OK | |||
r-release-macos-x86_64 | 6.0 | 63.00 | OK | |||
r-release-windows-x86_64 | 6.0 | 11.00 | 88.00 | 99.00 | OK | |
r-oldrel-macos-arm64 | 6.0 | 33.00 | OK | |||
r-oldrel-macos-x86_64 | 6.0 | 50.00 | OK | |||
r-oldrel-windows-x86_64 | 6.0 | 15.00 | 102.00 | 117.00 | OK |
Version: 6.0
Check: CRAN incoming feasibility
Result: NOTE
Maintainer: ‘Esam Mahdi <emahdi2012@gmail.com>’
No Authors@R field in DESCRIPTION.
Please add one, modifying
Authors@R: person(given = "Esam",
family = "Mahdi",
role = c("aut", "cre"),
email = "emahdi2012@gmail.com")
as necessary.
Flavors: r-devel-linux-x86_64-debian-clang, r-devel-linux-x86_64-debian-gcc