Last updated on 2024-06-29 11:49:20 CEST.
Flavor | Version | Tinstall | Tcheck | Ttotal | Status | Flags |
---|---|---|---|---|---|---|
r-devel-linux-x86_64-debian-clang | 0.3.1 | 14.68 | 75.20 | 89.88 | NOTE | |
r-devel-linux-x86_64-debian-gcc | 0.3.1 | 9.38 | 56.07 | 65.45 | NOTE | |
r-devel-linux-x86_64-fedora-clang | 0.3.1 | 118.38 | NOTE | |||
r-devel-linux-x86_64-fedora-gcc | 0.3.1 | 123.65 | NOTE | |||
r-devel-windows-x86_64 | 0.3.1 | 15.00 | 89.00 | 104.00 | NOTE | |
r-patched-linux-x86_64 | 0.3.1 | 13.68 | 72.49 | 86.17 | OK | |
r-release-linux-x86_64 | 0.3.1 | 13.23 | 72.17 | 85.40 | OK | |
r-release-macos-arm64 | 0.3.1 | 44.00 | OK | |||
r-release-macos-x86_64 | 0.3.1 | 109.00 | OK | |||
r-release-windows-x86_64 | 0.3.1 | 15.00 | 92.00 | 107.00 | OK | |
r-oldrel-macos-arm64 | 0.3.1 | 50.00 | OK | |||
r-oldrel-macos-x86_64 | 0.3.1 | 95.00 | OK | |||
r-oldrel-windows-x86_64 | 0.3.1 | 18.00 | 100.00 | 118.00 | OK |
Version: 0.3.1
Check: compiled code
Result: NOTE
File ‘poputils/libs/poputils.so’:
Found non-API calls to R: ‘SETLENGTH’, ‘SET_GROWABLE_BIT’,
‘SET_TRUELENGTH’
Compiled code should not call non-API entry points in R.
See ‘Writing portable packages’ in the ‘Writing R Extensions’ manual.
See section ‘Moving into C API compliance’ in the ‘Writing R
Extensions’ manual for issues with use of non-API entry points.
Flavors: r-devel-linux-x86_64-debian-clang, r-devel-linux-x86_64-debian-gcc, r-devel-linux-x86_64-fedora-clang, r-devel-linux-x86_64-fedora-gcc
Version: 0.3.1
Check: compiled code
Result: NOTE
File 'poputils/libs/x64/poputils.dll':
Found non-API calls to R: 'SETLENGTH', 'SET_GROWABLE_BIT',
'SET_TRUELENGTH'
Compiled code should not call non-API entry points in R.
See 'Writing portable packages' in the 'Writing R Extensions' manual.
See section 'Moving into C API compliance' in the 'Writing R
Extensions' manual for issues with use of non-API entry points.
Flavor: r-devel-windows-x86_64