Last updated on 2025-11-01 14:50:00 CET.
| Flavor | Version | Tinstall | Tcheck | Ttotal | Status | Flags |
|---|---|---|---|---|---|---|
| r-devel-linux-x86_64-debian-clang | 1.3.23 | 3.74 | 50.21 | 53.95 | NOTE | |
| r-devel-linux-x86_64-debian-gcc | 1.3.23 | 2.41 | 38.39 | 40.80 | NOTE | |
| r-devel-linux-x86_64-fedora-clang | 1.3.23 | 75.90 | OK | |||
| r-devel-linux-x86_64-fedora-gcc | 1.3.23 | 11.00 | 76.82 | 87.82 | OK | |
| r-devel-windows-x86_64 | 1.3.23 | 5.00 | 68.00 | 73.00 | OK | |
| r-patched-linux-x86_64 | 1.3.23 | 4.32 | 46.66 | 50.98 | OK | |
| r-release-linux-x86_64 | 1.3.23 | 3.39 | 46.49 | 49.88 | OK | |
| r-release-macos-arm64 | 1.3.23 | 2.00 | 35.00 | 37.00 | OK | |
| r-release-macos-x86_64 | 1.3.23 | 3.00 | 51.00 | 54.00 | OK | |
| r-release-windows-x86_64 | 1.3.23 | 5.00 | 64.00 | 69.00 | OK | |
| r-oldrel-macos-arm64 | 1.3.23 | 2.00 | 28.00 | 30.00 | OK | |
| r-oldrel-macos-x86_64 | 1.3.23 | 3.00 | 43.00 | 46.00 | OK | |
| r-oldrel-windows-x86_64 | 1.3.23 | 6.00 | 76.00 | 82.00 | OK |
Version: 1.3.23
Check: CRAN incoming feasibility
Result: NOTE
Maintainer: ‘Alejandro Ochoa <alejandro.ochoa@duke.edu>’
Package CITATION file contains call(s) to old-style personList() or
as.personList(). Please use c() on person objects instead.
Flavors: r-devel-linux-x86_64-debian-clang, r-devel-linux-x86_64-debian-gcc