Last updated on 2025-05-06 03:51:11 CEST.
Flavor | Version | Tinstall | Tcheck | Ttotal | Status | Flags |
---|---|---|---|---|---|---|
r-devel-linux-x86_64-debian-clang | 1.0.0 | 10.83 | 83.94 | 94.77 | NOTE | |
r-devel-linux-x86_64-debian-gcc | 1.0.0 | 7.91 | 59.38 | 67.29 | NOTE | |
r-devel-linux-x86_64-fedora-clang | 1.0.0 | 144.41 | OK | |||
r-devel-linux-x86_64-fedora-gcc | 1.0.0 | 138.44 | OK | |||
r-devel-windows-x86_64 | 1.0.0 | 12.00 | 86.00 | 98.00 | OK | |
r-patched-linux-x86_64 | 1.0.0 | 9.73 | 78.84 | 88.57 | OK | |
r-release-linux-x86_64 | 1.0.0 | 9.17 | 79.03 | 88.20 | OK | |
r-release-macos-arm64 | 1.0.0 | 46.00 | OK | |||
r-release-macos-x86_64 | 1.0.0 | 71.00 | OK | |||
r-release-windows-x86_64 | 1.0.0 | 11.00 | 90.00 | 101.00 | OK | |
r-oldrel-macos-arm64 | 1.0.0 | 41.00 | NOTE | |||
r-oldrel-macos-x86_64 | 1.0.0 | 69.00 | NOTE | |||
r-oldrel-windows-x86_64 | 1.0.0 | 15.00 | 108.00 | 123.00 | NOTE |
Version: 1.0.0
Check: CRAN incoming feasibility
Result: NOTE
Maintainer: ‘Stefano Nembrini <stefanonembrini@gmail.com>’
No Authors@R field in DESCRIPTION.
Please add one, modifying
Authors@R: person(given = "Stefano",
family = "Nembrini",
role = c("aut", "cre"),
email = "stefanonembrini@gmail.com")
as necessary.
Flavors: r-devel-linux-x86_64-debian-clang, r-devel-linux-x86_64-debian-gcc
Version: 1.0.0
Check: LazyData
Result: NOTE
'LazyData' is specified without a 'data' directory
Flavors: r-oldrel-macos-arm64, r-oldrel-macos-x86_64, r-oldrel-windows-x86_64