Last updated on 2025-04-17 03:51:10 CEST.
Flavor | Version | Tinstall | Tcheck | Ttotal | Status | Flags |
---|---|---|---|---|---|---|
r-devel-linux-x86_64-debian-clang | 1.1.6 | 386.83 | 962.16 | 1348.99 | OK | |
r-devel-linux-x86_64-debian-gcc | 1.1.6 | 303.66 | 523.16 | 826.82 | OK | |
r-devel-linux-x86_64-fedora-clang | 1.1.6 | 2743.58 | OK | |||
r-devel-linux-x86_64-fedora-gcc | 1.1.6 | 2558.11 | OK | |||
r-devel-windows-x86_64 | 1.1.6 | 490.00 | 594.00 | 1084.00 | OK | |
r-patched-linux-x86_64 | 1.1.6 | 473.37 | 905.62 | 1378.99 | OK | |
r-release-linux-x86_64 | 1.1.6 | 375.14 | 882.90 | 1258.04 | OK | |
r-release-macos-arm64 | 1.1.6 | 483.00 | OK | |||
r-release-macos-x86_64 | 1.1.6 | 1101.00 | OK | |||
r-release-windows-x86_64 | 1.1.6 | 510.00 | 596.00 | 1106.00 | OK | |
r-oldrel-macos-arm64 | 1.1.6 | 350.00 | NOTE | |||
r-oldrel-macos-x86_64 | 1.1.6 | 684.00 | NOTE | |||
r-oldrel-windows-x86_64 | 1.1.6 | 656.00 | 850.00 | 1506.00 | NOTE |
Version: 1.1.6
Check: installed package size
Result: NOTE
installed size is 13.4Mb
sub-directories of 1Mb or more:
R 7.1Mb
data 5.2Mb
Flavors: r-oldrel-macos-arm64, r-oldrel-macos-x86_64, r-oldrel-windows-x86_64