Last updated on 2024-06-29 23:50:00 CEST.
Flavor | Version | Tinstall | Tcheck | Ttotal | Status | Flags |
---|---|---|---|---|---|---|
r-devel-linux-x86_64-debian-clang | 1.1.6 | 534.72 | 1368.21 | 1902.93 | OK | |
r-devel-linux-x86_64-debian-gcc | 1.1.6 | 470.45 | 879.49 | 1349.94 | OK | |
r-devel-linux-x86_64-fedora-clang | 1.1.6 | 2691.71 | NOTE | |||
r-devel-linux-x86_64-fedora-gcc | 1.1.6 | 2497.13 | OK | |||
r-devel-windows-x86_64 | 1.1.6 | 414.00 | 591.00 | 1005.00 | NOTE | |
r-patched-linux-x86_64 | 1.1.6 | 572.78 | 1255.65 | 1828.43 | OK | |
r-release-linux-x86_64 | 1.1.6 | 498.19 | 1282.74 | 1780.93 | OK | |
r-release-macos-arm64 | 1.1.6 | 350.00 | NOTE | |||
r-release-macos-x86_64 | 1.1.6 | 684.00 | NOTE | |||
r-release-windows-x86_64 | 1.1.6 | 389.00 | 595.00 | 984.00 | NOTE | |
r-oldrel-macos-arm64 | 1.1.6 | 347.00 | NOTE | |||
r-oldrel-macos-x86_64 | 1.1.6 | 645.00 | NOTE | |||
r-oldrel-windows-x86_64 | 1.1.6 | 444.00 | 836.00 | 1280.00 | NOTE |
Version: 1.1.6
Check: installed package size
Result: NOTE
installed size is 11.8Mb
sub-directories of 1Mb or more:
R 6.3Mb
data 4.3Mb
Flavors: r-devel-linux-x86_64-fedora-clang, r-devel-windows-x86_64, r-release-macos-arm64, r-release-macos-x86_64, r-release-windows-x86_64, r-oldrel-macos-arm64, r-oldrel-macos-x86_64, r-oldrel-windows-x86_64