Last updated on 2024-06-29 11:49:20 CEST.
Flavor | Version | Tinstall | Tcheck | Ttotal | Status | Flags |
---|---|---|---|---|---|---|
r-devel-linux-x86_64-debian-clang | 0.8.1 | 14.16 | 94.97 | 109.13 | OK | |
r-devel-linux-x86_64-debian-gcc | 0.8.1 | 8.85 | 72.52 | 81.37 | OK | |
r-devel-linux-x86_64-fedora-clang | 0.8.1 | 142.57 | NOTE | |||
r-devel-linux-x86_64-fedora-gcc | 0.8.1 | 147.36 | OK | |||
r-devel-windows-x86_64 | 0.8.1 | 12.00 | 94.00 | 106.00 | OK | |
r-patched-linux-x86_64 | 0.8.1 | 12.43 | 91.86 | 104.29 | OK | |
r-release-linux-x86_64 | 0.8.1 | 7.36 | 93.16 | 100.52 | OK | |
r-release-macos-arm64 | 0.8.1 | 46.00 | OK | |||
r-release-macos-x86_64 | 0.8.1 | 68.00 | OK | |||
r-release-windows-x86_64 | 0.8.1 | 12.00 | 94.00 | 106.00 | OK | |
r-oldrel-macos-arm64 | 0.8.1 | 45.00 | OK | |||
r-oldrel-macos-x86_64 | 0.8.1 | 64.00 | OK | |||
r-oldrel-windows-x86_64 | 0.8.1 | 15.00 | 108.00 | 123.00 | OK |
Version: 0.8.1
Check: package dependencies
Result: NOTE
Imports includes 25 non-default packages.
Importing from so many packages makes the package vulnerable to any of
them becoming unavailable. Move as many as possible to Suggests and
use conditionally.
Flavor: r-devel-linux-x86_64-fedora-clang