Last updated on 2025-05-01 08:52:41 CEST.
Flavor | Version | Tinstall | Tcheck | Ttotal | Status | Flags |
---|---|---|---|---|---|---|
r-devel-linux-x86_64-debian-clang | 0.2.7 | 3.08 | 38.06 | 41.14 | NOTE | |
r-devel-linux-x86_64-debian-gcc | 0.2.7 | 2.13 | 29.73 | 31.86 | OK | |
r-devel-linux-x86_64-fedora-clang | 0.2.7 | 67.68 | OK | |||
r-devel-linux-x86_64-fedora-gcc | 0.2.7 | 75.71 | OK | |||
r-devel-windows-x86_64 | 0.2.7 | 4.00 | 74.00 | 78.00 | OK | |
r-patched-linux-x86_64 | 0.2.7 | 3.70 | 35.71 | 39.41 | OK | |
r-release-linux-x86_64 | OK | |||||
r-release-macos-arm64 | 0.2.7 | 31.00 | OK | |||
r-release-macos-x86_64 | 0.2.7 | 55.00 | OK | |||
r-release-windows-x86_64 | 0.2.7 | 4.00 | 80.00 | 84.00 | OK | |
r-oldrel-macos-arm64 | 0.2.7 | 30.00 | OK | |||
r-oldrel-macos-x86_64 | 0.2.7 | 45.00 | OK | |||
r-oldrel-windows-x86_64 | 0.2.7 | 4.00 | 77.00 | 81.00 | OK |
Version: 0.2.7
Check: examples
Result: NOTE
Examples with CPU (user + system) or elapsed time > 5s
user system elapsed
pmwgs 3.421 0.227 5.102
Flavor: r-devel-linux-x86_64-debian-clang