CRAN Package Check Results for Package pluscode

Last updated on 2025-04-30 13:54:24 CEST.

Flavor Version Tinstall Tcheck Ttotal Status Flags
r-devel-linux-x86_64-debian-clang 0.1.0 3.66 22.37 26.03 NOTE
r-devel-linux-x86_64-debian-gcc 0.1.0 2.06 16.98 19.04 NOTE
r-devel-linux-x86_64-fedora-clang 0.1.0 40.34 OK
r-devel-linux-x86_64-fedora-gcc 0.1.0 38.34 OK
r-devel-windows-x86_64 0.1.0 4.00 46.00 50.00 OK
r-patched-linux-x86_64 0.1.0 2.72 21.02 23.74 OK
r-release-linux-x86_64 0.1.0 3.45 21.17 24.62 OK
r-release-macos-arm64 0.1.0 27.00 OK
r-release-macos-x86_64 0.1.0 35.00 OK
r-release-windows-x86_64 0.1.0 5.00 45.00 50.00 OK
r-oldrel-macos-arm64 0.1.0 23.00 OK
r-oldrel-macos-x86_64 0.1.0 29.00 OK
r-oldrel-windows-x86_64 0.1.0 5.00 47.00 52.00 OK

Check Details

Version: 0.1.0
Check: CRAN incoming feasibility
Result: NOTE Maintainer: ‘Michael Doyle <michaeledoyle7@gmail.com>’ No Authors@R field in DESCRIPTION. Please add one, modifying Authors@R: person(given = "Michael", family = "Doyle", role = c("aut", "cre"), email = "michaeledoyle7@gmail.com") as necessary. Flavors: r-devel-linux-x86_64-debian-clang, r-devel-linux-x86_64-debian-gcc