CRAN Package Check Results for Package plsRbeta

Last updated on 2025-07-28 13:49:42 CEST.

Flavor Version Tinstall Tcheck Ttotal Status Flags
r-devel-linux-x86_64-debian-clang 0.3.0 30.37 189.79 220.16 NOTE
r-devel-linux-x86_64-debian-gcc 0.3.0 19.01 130.66 149.67 NOTE
r-devel-linux-x86_64-fedora-clang 0.3.0 339.50 OK
r-devel-linux-x86_64-fedora-gcc 0.3.0 334.96 OK
r-devel-windows-x86_64 0.3.0 30.00 181.00 211.00 NOTE
r-patched-linux-x86_64 0.3.0 27.78 178.09 205.87 NOTE
r-release-linux-x86_64 0.3.0 27.62 176.07 203.69 NOTE
r-release-macos-arm64 0.3.0 98.00 OK
r-release-macos-x86_64 0.3.0 176.00 OK
r-release-windows-x86_64 0.3.0 28.00 180.00 208.00 NOTE
r-oldrel-macos-arm64 0.3.0 90.00 OK
r-oldrel-macos-x86_64 0.3.0 149.00 OK
r-oldrel-windows-x86_64 0.3.0 38.00 234.00 272.00 OK

Check Details

Version: 0.3.0
Check: Rd cross-references
Result: NOTE Found the following Rd file(s) with Rd \link{} targets missing package anchors: PLS_beta_wvc.Rd: PLS_glm_kfoldcv_formula, PLS_lm_wvc Please provide package anchors for all Rd \link{} targets not in the package itself and the base packages. Flavors: r-devel-linux-x86_64-debian-clang, r-devel-linux-x86_64-debian-gcc, r-devel-windows-x86_64, r-patched-linux-x86_64, r-release-linux-x86_64, r-release-windows-x86_64