CRAN Package Check Results for Package plotscale

Last updated on 2025-04-29 13:51:34 CEST.

Flavor Version Tinstall Tcheck Ttotal Status Flags
r-devel-linux-x86_64-debian-clang 0.1.6 1.98 44.30 46.28 NOTE
r-devel-linux-x86_64-debian-gcc 0.1.6 1.49 32.87 34.36 NOTE
r-devel-linux-x86_64-fedora-clang 0.1.6 74.11 NOTE
r-devel-linux-x86_64-fedora-gcc 0.1.6 83.32 NOTE
r-devel-windows-x86_64 0.1.6 3.00 62.00 65.00 OK
r-patched-linux-x86_64 0.1.6 2.04 41.95 43.99 OK
r-release-linux-x86_64 0.1.6 1.82 42.38 44.20 OK
r-release-macos-arm64 0.1.6 36.00 OK
r-release-macos-x86_64 0.1.6 56.00 OK
r-release-windows-x86_64 0.1.6 4.00 63.00 67.00 OK
r-oldrel-macos-arm64 0.1.6 35.00 NOTE
r-oldrel-macos-x86_64 0.1.6 48.00 NOTE
r-oldrel-windows-x86_64 0.1.6 4.00 74.00 78.00 NOTE

Check Details

Version: 0.1.6
Check: CRAN incoming feasibility
Result: NOTE Maintainer: ‘Tim Bergsma <bergsmat@gmail.com>’ No Authors@R field in DESCRIPTION. Please add one, modifying Authors@R: person(given = "Tim", family = "Bergsma", role = c("aut", "cre"), email = "bergsmat@gmail.com") as necessary. Flavors: r-devel-linux-x86_64-debian-clang, r-devel-linux-x86_64-debian-gcc

Version: 0.1.6
Check: dependencies in R code
Result: NOTE Namespace in Imports field not imported from: ‘graphics’ All declared Imports should be used. Flavors: r-devel-linux-x86_64-fedora-clang, r-devel-linux-x86_64-fedora-gcc

Version: 0.1.6
Check: LazyData
Result: NOTE 'LazyData' is specified without a 'data' directory Flavors: r-oldrel-macos-arm64, r-oldrel-macos-x86_64, r-oldrel-windows-x86_64