CRAN Package Check Results for Package plotprotein

Last updated on 2025-05-03 08:50:44 CEST.

Flavor Version Tinstall Tcheck Ttotal Status Flags
r-devel-linux-x86_64-debian-clang 1.0 4.40 35.64 40.04 NOTE
r-devel-linux-x86_64-debian-gcc 1.0 2.95 27.87 30.82 NOTE
r-devel-linux-x86_64-fedora-clang 1.0 62.33 NOTE
r-devel-linux-x86_64-fedora-gcc 1.0 59.57 NOTE
r-devel-windows-x86_64 1.0 6.00 70.00 76.00 NOTE
r-patched-linux-x86_64 1.0 3.75 33.97 37.72 NOTE
r-release-linux-x86_64 NOTE
r-release-macos-arm64 1.0 24.00 NOTE
r-release-macos-x86_64 1.0 39.00 NOTE
r-release-windows-x86_64 1.0 6.00 60.00 66.00 NOTE
r-oldrel-macos-arm64 1.0 23.00 NOTE
r-oldrel-macos-x86_64 1.0 33.00 NOTE
r-oldrel-windows-x86_64 1.0 6.00 64.00 70.00 NOTE

Check Details

Version: 1.0
Check: CRAN incoming feasibility
Result: NOTE Maintainer: ‘Yao Geng <gengyao0103521@qq.com>’ No Authors@R field in DESCRIPTION. Please add one, modifying Authors@R: c(person(given = "Xiaoyu", family = "Zhang", role = "aut"), person(given = "Yao", family = "Geng", role = "cre", email = "gengyao0103521@qq.com")) as necessary. Flavors: r-devel-linux-x86_64-debian-clang, r-devel-linux-x86_64-debian-gcc

Version: 1.0
Check: Rd files
Result: NOTE checkRd: (-1) domain_data.Rd:29: Lost braces 29 | code{\link{help}} | ^ checkRd: (-1) length_data.Rd:32: Lost braces 32 | code{\link{help}} | ^ checkRd: (-1) plotdomain.Rd:30: Lost braces 30 | code{\link{help}} | ^ checkRd: (-1) plotmutagensis.Rd:30: Lost braces 30 | code{\link{help}} | ^ checkRd: (-1) plotprotein-package.Rd:20: Lost braces 20 | code{\link{help}} | ^ checkRd: (-1) plotprotein.Rd:30: Lost braces 30 | code{\link{help}} | ^ checkRd: (-1) plotsite.Rd:30: Lost braces 30 | code{\link{help}} | ^ checkRd: (-1) site_data.Rd:30: Lost braces 30 | code{\link{help}} | ^ Flavors: r-devel-linux-x86_64-debian-clang, r-devel-linux-x86_64-debian-gcc, r-devel-linux-x86_64-fedora-clang, r-devel-linux-x86_64-fedora-gcc, r-devel-windows-x86_64, r-patched-linux-x86_64, r-release-linux-x86_64, r-release-macos-arm64, r-release-macos-x86_64, r-release-windows-x86_64, r-oldrel-macos-arm64, r-oldrel-macos-x86_64, r-oldrel-windows-x86_64