CRAN Package Check Results for Package plotMElm

Last updated on 2025-04-30 07:55:16 CEST.

Flavor Version Tinstall Tcheck Ttotal Status Flags
r-devel-linux-x86_64-debian-clang 0.1.5 4.48 42.22 46.70 OK
r-devel-linux-x86_64-debian-gcc 0.1.5 3.41 30.56 33.97 OK
r-devel-linux-x86_64-fedora-clang 0.1.5 65.07 OK
r-devel-linux-x86_64-fedora-gcc 0.1.5 59.63 OK
r-devel-windows-x86_64 0.1.5 7.00 62.00 69.00 OK
r-patched-linux-x86_64 0.1.5 4.46 39.34 43.80 OK
r-release-linux-x86_64 0.1.5 4.30 38.67 42.97 OK
r-release-macos-arm64 0.1.5 24.00 OK
r-release-macos-x86_64 0.1.5 36.00 OK
r-release-windows-x86_64 0.1.5 7.00 58.00 65.00 OK
r-oldrel-macos-arm64 0.1.5 24.00 NOTE
r-oldrel-macos-x86_64 0.1.5 34.00 NOTE
r-oldrel-windows-x86_64 0.1.5 8.00 64.00 72.00 NOTE

Check Details

Version: 0.1.5
Check: LazyData
Result: NOTE 'LazyData' is specified without a 'data' directory Flavors: r-oldrel-macos-arm64, r-oldrel-macos-x86_64, r-oldrel-windows-x86_64