Last updated on 2024-06-29 23:50:00 CEST.
Flavor | Version | Tinstall | Tcheck | Ttotal | Status | Flags |
---|---|---|---|---|---|---|
r-devel-linux-x86_64-debian-clang | 2.1.0 | 91.45 | 399.91 | 491.36 | NOTE | |
r-devel-linux-x86_64-debian-gcc | 2.1.0 | 73.15 | 286.11 | 359.26 | NOTE | |
r-devel-linux-x86_64-fedora-clang | 2.1.0 | 611.03 | NOTE | |||
r-devel-linux-x86_64-fedora-gcc | 2.1.0 | 593.30 | NOTE | |||
r-devel-windows-x86_64 | 2.1.0 | 82.00 | 301.00 | 383.00 | NOTE | |
r-patched-linux-x86_64 | 2.1.0 | 87.03 | 381.32 | 468.35 | NOTE | |
r-release-linux-x86_64 | 2.1.0 | 81.79 | 387.02 | 468.81 | NOTE | |
r-release-macos-arm64 | 2.1.0 | 125.00 | OK | |||
r-release-macos-x86_64 | 2.1.0 | 206.00 | OK | |||
r-release-windows-x86_64 | 2.1.0 | 82.00 | 305.00 | 387.00 | NOTE | |
r-oldrel-macos-arm64 | 2.1.0 | 139.00 | OK | |||
r-oldrel-macos-x86_64 | 2.1.0 | 335.00 | OK | |||
r-oldrel-windows-x86_64 | 2.1.0 | 104.00 | 398.00 | 502.00 | OK |
Version: 2.1.0
Check: HTML version of manual
Result: NOTE
Found the following HTML validation problems:
efourier_power.html:100:1 (efourier_power.Rd:35): Warning: trimming empty <li>
Flavors: r-devel-linux-x86_64-debian-clang, r-devel-linux-x86_64-debian-gcc, r-devel-linux-x86_64-fedora-clang, r-devel-linux-x86_64-fedora-gcc, r-devel-windows-x86_64, r-patched-linux-x86_64, r-release-linux-x86_64, r-release-windows-x86_64