Last updated on 2025-04-29 19:50:40 CEST.
Flavor | Version | Tinstall | Tcheck | Ttotal | Status | Flags |
---|---|---|---|---|---|---|
r-devel-linux-x86_64-debian-clang | 0.2.1 | 3.91 | 238.83 | 242.74 | NOTE | |
r-devel-linux-x86_64-debian-gcc | 0.2.1 | 2.36 | 151.74 | 154.10 | NOTE | |
r-devel-linux-x86_64-fedora-clang | 0.2.1 | 393.09 | OK | |||
r-devel-linux-x86_64-fedora-gcc | 0.2.1 | 410.42 | OK | |||
r-devel-windows-x86_64 | 0.2.1 | 5.00 | 302.00 | 307.00 | OK | |
r-patched-linux-x86_64 | 0.2.1 | 2.92 | 228.23 | 231.15 | OK | |
r-release-linux-x86_64 | 0.2.1 | 2.92 | 227.98 | 230.90 | OK | |
r-release-macos-arm64 | 0.2.1 | 121.00 | OK | |||
r-release-macos-x86_64 | 0.2.1 | 297.00 | OK | |||
r-release-windows-x86_64 | 0.2.1 | 6.00 | 305.00 | 311.00 | OK | |
r-oldrel-macos-arm64 | 0.2.1 | 112.00 | OK | |||
r-oldrel-macos-x86_64 | 0.2.1 | 225.00 | OK | |||
r-oldrel-windows-x86_64 | 0.2.1 | 6.00 | 383.00 | 389.00 | OK |
Version: 0.2.1
Check: CRAN incoming feasibility
Result: NOTE
Maintainer: ‘Carolyn J. Anderson <cja@illinois.edu>’
No Authors@R field in DESCRIPTION.
Please add one, modifying
Authors@R: person(given = c("Carolyn", "J."),
family = "Anderson",
role = c("aut", "cre"),
email = "cja@illinois.edu")
as necessary.
Flavors: r-devel-linux-x86_64-debian-clang, r-devel-linux-x86_64-debian-gcc
Version: 0.2.1
Check: examples
Result: NOTE
Examples with CPU (user + system) or elapsed time > 5s
user system elapsed
fit.gpcm 6.173 0.219 9.519
fit.nominal 5.897 0.059 7.209
scalingPlot 5.442 0.011 6.780
Flavor: r-devel-linux-x86_64-debian-clang