Last updated on 2025-05-22 22:50:58 CEST.
Flavor | Version | Tinstall | Tcheck | Ttotal | Status | Flags |
---|---|---|---|---|---|---|
r-devel-linux-x86_64-debian-clang | 1.5.6 | 34.12 | 130.50 | 164.62 | OK | |
r-devel-linux-x86_64-debian-gcc | 1.5.6 | 22.78 | 84.87 | 107.65 | OK | |
r-devel-linux-x86_64-fedora-clang | 1.5.6 | 262.09 | OK | |||
r-devel-linux-x86_64-fedora-gcc | 1.5.6 | 260.68 | OK | |||
r-devel-windows-x86_64 | 1.5.6 | 35.00 | 153.00 | 188.00 | OK | |
r-patched-linux-x86_64 | 1.5.6 | 37.54 | 119.68 | 157.22 | OK | |
r-release-linux-x86_64 | 1.5.6 | 35.44 | 118.55 | 153.99 | OK | |
r-release-macos-arm64 | 1.5.6 | 66.00 | OK | |||
r-release-macos-x86_64 | 1.5.6 | 176.00 | OK | |||
r-release-windows-x86_64 | 1.5.6 | 35.00 | 150.00 | 185.00 | OK | |
r-oldrel-macos-arm64 | 1.5.6 | 71.00 | NOTE | |||
r-oldrel-macos-x86_64 | 1.5.6 | 147.00 | NOTE | |||
r-oldrel-windows-x86_64 | 1.5.6 | 49.00 | 183.00 | 232.00 | OK |
Version: 1.5.6
Check: installed package size
Result: NOTE
installed size is 5.3Mb
sub-directories of 1Mb or more:
R 2.1Mb
data 2.0Mb
Flavors: r-oldrel-macos-arm64, r-oldrel-macos-x86_64