Last updated on 2025-05-09 04:52:05 CEST.
Flavor | Version | Tinstall | Tcheck | Ttotal | Status | Flags |
---|---|---|---|---|---|---|
r-devel-linux-x86_64-debian-clang | 0.6.0 | 21.62 | 318.78 | 340.40 | NOTE | |
r-devel-linux-x86_64-debian-gcc | 0.6.0 | 15.40 | 196.33 | 211.73 | NOTE | |
r-devel-linux-x86_64-fedora-clang | 0.6.0 | 556.26 | OK | |||
r-devel-linux-x86_64-fedora-gcc | 0.6.0 | 515.61 | OK | |||
r-devel-windows-x86_64 | 0.6.0 | 16.00 | 338.00 | 354.00 | OK | |
r-patched-linux-x86_64 | 0.6.0 | 23.43 | 302.35 | 325.78 | OK | |
r-release-linux-x86_64 | 0.6.0 | 21.51 | 299.93 | 321.44 | OK | |
r-release-macos-arm64 | 0.6.0 | 146.00 | OK | |||
r-release-macos-x86_64 | 0.6.0 | 345.00 | OK | |||
r-release-windows-x86_64 | 0.6.0 | 16.00 | 347.00 | 363.00 | OK | |
r-oldrel-macos-arm64 | 0.6.0 | 139.00 | OK | |||
r-oldrel-macos-x86_64 | 0.6.0 | 337.00 | OK | |||
r-oldrel-windows-x86_64 | 0.6.0 | 22.00 | 448.00 | 470.00 | OK |
Version: 0.6.0
Check: CRAN incoming feasibility
Result: NOTE
Maintainer: ‘Leonardo Egidi <legidi@units.it>’
No Authors@R field in DESCRIPTION.
Please add one, modifying
Authors@R: c(person(given = "Leonardo",
family = "Egidi",
role = c("aut", "cre"),
email = "legidi@units.it"),
person(given = "Roberta",
family = "Pappadà",
role = "aut"),
person(given = "Francesco",
family = "Pauli",
role = "aut"),
person(given = "Nicola",
family = "Torelli",
role = "aut"))
as necessary.
Flavors: r-devel-linux-x86_64-debian-clang, r-devel-linux-x86_64-debian-gcc