CRAN Package Check Results for Package phyloseqGraphTest

Last updated on 2025-04-30 07:55:16 CEST.

Flavor Version Tinstall Tcheck Ttotal Status Flags
r-devel-linux-x86_64-debian-clang 0.1.1 28.95 225.32 254.27 NOTE
r-devel-linux-x86_64-debian-gcc 0.1.1 18.63 158.79 177.42 NOTE
r-devel-linux-x86_64-fedora-clang 0.1.1 406.95 OK
r-devel-linux-x86_64-fedora-gcc 0.1.1 380.24 OK
r-devel-windows-x86_64 0.1.1 25.00 198.00 223.00 OK
r-patched-linux-x86_64 0.1.1 24.29 212.29 236.58 OK
r-release-linux-x86_64 0.1.1 24.46 215.57 240.03 OK
r-release-macos-arm64 0.1.1 107.00 OK
r-release-macos-x86_64 0.1.1 237.00 OK
r-release-windows-x86_64 0.1.1 25.00 194.00 219.00 OK
r-oldrel-macos-arm64 0.1.1 105.00 OK
r-oldrel-macos-x86_64 0.1.1 158.00 OK
r-oldrel-windows-x86_64 0.1.1 31.00 255.00 286.00 OK

Check Details

Version: 0.1.1
Check: CRAN incoming feasibility
Result: NOTE Maintainer: ‘Julia Fukuyama <julia.fukuyama@gmail.com>’ No Authors@R field in DESCRIPTION. Please add one, modifying Authors@R: person(given = "Julia", family = "Fukuyama", role = c("aut", "cre"), email = "julia.fukuyama@gmail.com") as necessary. Flavors: r-devel-linux-x86_64-debian-clang, r-devel-linux-x86_64-debian-gcc