Last updated on 2024-06-29 11:49:19 CEST.
Flavor | Version | Tinstall | Tcheck | Ttotal | Status | Flags |
---|---|---|---|---|---|---|
r-devel-linux-x86_64-debian-clang | 1.0.2 | 12.43 | 76.14 | 88.57 | OK | |
r-devel-linux-x86_64-debian-gcc | 1.0.2 | 7.42 | 57.96 | 65.38 | OK | |
r-devel-linux-x86_64-fedora-clang | 1.0.2 | 109.40 | NOTE | |||
r-devel-linux-x86_64-fedora-gcc | 1.0.2 | 103.88 | OK | |||
r-devel-windows-x86_64 | 1.0.2 | 10.00 | 78.00 | 88.00 | OK | |
r-patched-linux-x86_64 | 1.0.2 | 9.44 | 74.31 | 83.75 | OK | |
r-release-linux-x86_64 | 1.0.2 | 9.77 | 75.02 | 84.79 | OK | |
r-release-macos-arm64 | 1.0.2 | 30.00 | OK | |||
r-release-macos-x86_64 | 1.0.2 | 49.00 | OK | |||
r-release-windows-x86_64 | 1.0.2 | 9.00 | 78.00 | 87.00 | OK | |
r-oldrel-macos-arm64 | 1.0.2 | 32.00 | OK | |||
r-oldrel-macos-x86_64 | 1.0.2 | 57.00 | NOTE | |||
r-oldrel-windows-x86_64 | 1.0.2 | 13.00 | 88.00 | 101.00 | OK |
Version: 1.0.2
Check: Rd cross-references
Result: NOTE
Undeclared package ‘phase1RMD’ in Rd xrefs
Flavor: r-devel-linux-x86_64-fedora-clang
Version: 1.0.2
Check: Rd cross-references
Result: NOTE
Package unavailable to check Rd xrefs: ‘phase1RMD’
Flavor: r-oldrel-macos-x86_64