Last updated on 2024-06-29 23:49:59 CEST.
Flavor | Version | Tinstall | Tcheck | Ttotal | Status | Flags |
---|---|---|---|---|---|---|
r-devel-linux-x86_64-debian-clang | 0.1.0 | 46.02 | 38.42 | 84.44 | NOTE | |
r-devel-linux-x86_64-debian-gcc | 0.1.0 | 30.07 | 28.95 | 59.02 | NOTE | |
r-devel-linux-x86_64-fedora-clang | 0.1.0 | 110.48 | NOTE | |||
r-devel-linux-x86_64-fedora-gcc | 0.1.0 | 110.08 | NOTE | |||
r-devel-windows-x86_64 | 0.1.0 | 34.00 | 68.00 | 102.00 | NOTE | |
r-patched-linux-x86_64 | 0.1.0 | 34.46 | 36.65 | 71.11 | NOTE | |
r-release-linux-x86_64 | 0.1.0 | 35.09 | 37.38 | 72.47 | NOTE | |
r-release-macos-arm64 | 0.1.0 | 29.00 | NOTE | |||
r-release-macos-x86_64 | 0.1.0 | 43.00 | NOTE | |||
r-release-windows-x86_64 | 0.1.0 | 33.00 | 68.00 | 101.00 | NOTE | |
r-oldrel-macos-arm64 | 0.1.0 | 38.00 | NOTE | |||
r-oldrel-macos-x86_64 | 0.1.0 | 51.00 | NOTE | |||
r-oldrel-windows-x86_64 | 0.1.0 | 41.00 | 81.00 | 122.00 | NOTE |
Version: 0.1.0
Check: LazyData
Result: NOTE
'LazyData' is specified without a 'data' directory
Flavors: r-devel-linux-x86_64-debian-clang, r-devel-linux-x86_64-debian-gcc, r-devel-linux-x86_64-fedora-clang, r-devel-linux-x86_64-fedora-gcc, r-devel-windows-x86_64, r-patched-linux-x86_64, r-release-linux-x86_64, r-release-macos-arm64, r-release-macos-x86_64, r-release-windows-x86_64, r-oldrel-macos-arm64, r-oldrel-macos-x86_64, r-oldrel-windows-x86_64
Version: 0.1.0
Check: compiled code
Result: NOTE
File ‘pgee.mixed/libs/pgee.mixed.so’:
Found no calls to: ‘R_registerRoutines’, ‘R_useDynamicSymbols’
It is good practice to register native routines and to disable symbol
search.
See ‘Writing portable packages’ in the ‘Writing R Extensions’ manual.
Flavors: r-devel-linux-x86_64-fedora-clang, r-devel-linux-x86_64-fedora-gcc