Last updated on 2024-07-02 01:57:17 CEST.
Flavor | Version | Tinstall | Tcheck | Ttotal | Status | Flags |
---|---|---|---|---|---|---|
r-devel-linux-x86_64-debian-clang | 0.1.3 | 1503.13 | 337.05 | 1840.18 | NOTE | |
r-devel-linux-x86_64-debian-gcc | 0.1.3 | 1349.72 | 349.53 | 1699.25 | NOTE | |
r-devel-linux-x86_64-fedora-clang | 0.1.3 | 2253.80 | NOTE | |||
r-devel-linux-x86_64-fedora-gcc | 0.1.3 | 3399.91 | NOTE | |||
r-devel-windows-x86_64 | 0.1.3 | 1178.00 | 336.00 | 1514.00 | NOTE | |
r-patched-linux-x86_64 | 0.1.3 | 1081.39 | 461.21 | 1542.60 | NOTE | |
r-release-linux-x86_64 | 0.1.3 | 0.01 | 3.44 | 3.45 | ERROR | |
r-release-macos-arm64 | 0.1.3 | 528.00 | NOTE | |||
r-release-macos-x86_64 | 0.1.3 | 552.00 | NOTE | |||
r-release-windows-x86_64 | 0.1.3 | 1191.00 | 330.00 | 1521.00 | NOTE | |
r-oldrel-macos-arm64 | 0.1.3 | 582.00 | NOTE | |||
r-oldrel-macos-x86_64 | 0.1.3 | 922.00 | NOTE | |||
r-oldrel-windows-x86_64 | 0.1.3 | 1521.00 | 420.00 | 1941.00 | NOTE |
Version: 0.1.3
Check: for GNU extensions in Makefiles
Result: NOTE
GNU make is a SystemRequirements.
Flavors: r-devel-linux-x86_64-debian-clang, r-devel-linux-x86_64-debian-gcc, r-devel-linux-x86_64-fedora-clang, r-devel-linux-x86_64-fedora-gcc, r-devel-windows-x86_64, r-patched-linux-x86_64, r-release-macos-arm64, r-release-macos-x86_64, r-release-windows-x86_64, r-oldrel-macos-arm64, r-oldrel-macos-x86_64, r-oldrel-windows-x86_64
Version: 0.1.3
Check: installed package size
Result: NOTE
installed size is 12.8Mb
sub-directories of 1Mb or more:
libs 11.8Mb
Flavors: r-devel-linux-x86_64-fedora-clang, r-devel-windows-x86_64, r-release-macos-arm64, r-release-macos-x86_64, r-release-windows-x86_64, r-oldrel-macos-arm64, r-oldrel-macos-x86_64, r-oldrel-windows-x86_64
Version: 0.1.3
Check: whether package can be installed
Result: ERROR
Installation failed.
Flavor: r-release-linux-x86_64