Last updated on 2024-07-03 01:49:11 CEST.
Flavor | Version | Tinstall | Tcheck | Ttotal | Status | Flags |
---|---|---|---|---|---|---|
r-devel-linux-x86_64-debian-clang | 0.1.1 | 50.73 | 29.40 | 80.13 | OK | |
r-devel-linux-x86_64-debian-gcc | 0.1.1 | 30.67 | 22.76 | 53.43 | OK | |
r-devel-linux-x86_64-fedora-clang | 0.1.1 | 113.78 | OK | |||
r-devel-linux-x86_64-fedora-gcc | 0.1.1 | 112.21 | OK | |||
r-devel-windows-x86_64 | 0.1.1 | 38.00 | 63.00 | 101.00 | NOTE | |
r-patched-linux-x86_64 | 0.1.1 | 33.62 | 28.97 | 62.59 | OK | |
r-release-linux-x86_64 | 0.1.1 | 36.67 | 28.17 | 64.84 | OK | |
r-release-macos-arm64 | 0.1.1 | 26.00 | OK | |||
r-release-macos-x86_64 | 0.1.1 | 33.00 | OK | |||
r-release-windows-x86_64 | 0.1.1 | 38.00 | 63.00 | 101.00 | NOTE | |
r-oldrel-macos-arm64 | 0.1.1 | 32.00 | OK | |||
r-oldrel-macos-x86_64 | 0.1.1 | 53.00 | OK | |||
r-oldrel-windows-x86_64 | 0.1.1 | 45.00 | 72.00 | 117.00 | NOTE |
Version: 0.1.1
Check: C++ specification
Result: NOTE
Specified C++11: please drop specification unless essential
Flavors: r-devel-windows-x86_64, r-release-windows-x86_64, r-oldrel-windows-x86_64