Last updated on 2025-05-09 22:49:57 CEST.
Flavor | Version | Tinstall | Tcheck | Ttotal | Status | Flags |
---|---|---|---|---|---|---|
r-devel-linux-x86_64-debian-clang | 0.4 | 1.71 | 24.67 | 26.38 | NOTE | |
r-devel-linux-x86_64-debian-gcc | 0.4 | 1.39 | 20.09 | 21.48 | NOTE | |
r-devel-linux-x86_64-fedora-clang | 0.4 | 41.53 | NOTE | |||
r-devel-linux-x86_64-fedora-gcc | 0.4 | 38.92 | NOTE | |||
r-devel-windows-x86_64 | 0.4 | 3.00 | 45.00 | 48.00 | NOTE | |
r-patched-linux-x86_64 | 0.4 | 1.73 | 23.65 | 25.38 | NOTE | |
r-release-linux-x86_64 | 0.4 | 1.43 | 23.59 | 25.02 | NOTE | |
r-release-macos-arm64 | 0.4 | 18.00 | OK | |||
r-release-macos-x86_64 | 0.4 | 29.00 | OK | |||
r-release-windows-x86_64 | 0.4 | 4.00 | 45.00 | 49.00 | NOTE | |
r-oldrel-macos-arm64 | 0.4 | 16.00 | NOTE | |||
r-oldrel-macos-x86_64 | 0.4 | 24.00 | NOTE | |||
r-oldrel-windows-x86_64 | 0.4 | 4.00 | 52.00 | 56.00 | NOTE |
Version: 0.4
Check: CRAN incoming feasibility
Result: NOTE
Maintainer: ‘Lukasz Kidzinski <lukasz.kidzinski@stanford.edu>’
The Description field contains
<arXiv:1612.00040>.
Please refer to arXiv e-prints via their arXiv DOI <doi:10.48550/arXiv.YYMM.NNNNN>.
Flavors: r-devel-linux-x86_64-debian-clang, r-devel-linux-x86_64-debian-gcc
Version: 0.4
Check: Rd cross-references
Result: NOTE
Found the following Rd file(s) with Rd \link{} targets missing package
anchors:
pcdpca.Rd: spectral.density
Please provide package anchors for all Rd \link{} targets not in the
package itself and the base packages.
Flavors: r-devel-linux-x86_64-debian-clang, r-devel-linux-x86_64-debian-gcc, r-devel-windows-x86_64, r-patched-linux-x86_64, r-release-linux-x86_64, r-release-windows-x86_64
Version: 0.4
Check: for unstated dependencies in ‘demo’
Result: NOTE
'library' or 'require' calls not declared from:
‘MASS’ ‘freqdom.fda’
Flavors: r-devel-linux-x86_64-debian-clang, r-devel-linux-x86_64-debian-gcc, r-patched-linux-x86_64, r-release-linux-x86_64
Version: 0.4
Check: dependencies in R code
Result: NOTE
Namespace in Imports field not imported from: ‘fda’
All declared Imports should be used.
Flavors: r-devel-linux-x86_64-fedora-clang, r-devel-linux-x86_64-fedora-gcc
Version: 0.4
Check: LazyData
Result: NOTE
'LazyData' is specified without a 'data' directory
Flavors: r-oldrel-macos-arm64, r-oldrel-macos-x86_64, r-oldrel-windows-x86_64