Last updated on 2024-06-29 11:49:19 CEST.
Flavor | Version | Tinstall | Tcheck | Ttotal | Status | Flags |
---|---|---|---|---|---|---|
r-devel-linux-x86_64-debian-clang | 2.7-11 | 120.10 | 436.13 | 556.23 | OK | |
r-devel-linux-x86_64-debian-gcc | 2.7-11 | 91.93 | 311.71 | 403.64 | OK | |
r-devel-linux-x86_64-fedora-clang | 2.7-11 | 700.07 | NOTE | |||
r-devel-linux-x86_64-fedora-gcc | 2.7-11 | 701.78 | OK | |||
r-devel-windows-x86_64 | 2.7-11 | 102.00 | 363.00 | 465.00 | NOTE | |
r-patched-linux-x86_64 | 2.7-11 | 112.30 | 408.07 | 520.37 | OK | |
r-release-linux-x86_64 | 2.7-11 | 108.75 | 402.34 | 511.09 | OK | |
r-release-macos-arm64 | 2.7-11 | 174.00 | NOTE | |||
r-release-macos-x86_64 | 2.7-11 | 274.00 | NOTE | |||
r-release-windows-x86_64 | 2.7-11 | 101.00 | 358.00 | 459.00 | NOTE | |
r-oldrel-macos-arm64 | 2.7-11 | 202.00 | NOTE | |||
r-oldrel-macos-x86_64 | 2.7-11 | 454.00 | NOTE | |||
r-oldrel-windows-x86_64 | 2.7-11 | 127.00 | 459.00 | 586.00 | NOTE |
Version: 2.7-11
Check: installed package size
Result: NOTE
installed size is 5.5Mb
sub-directories of 1Mb or more:
data 2.1Mb
Flavors: r-devel-linux-x86_64-fedora-clang, r-devel-windows-x86_64, r-release-macos-arm64, r-release-macos-x86_64, r-release-windows-x86_64, r-oldrel-macos-arm64, r-oldrel-macos-x86_64, r-oldrel-windows-x86_64
Version: 2.7-11
Check: Rd cross-references
Result: NOTE
Undeclared packages ‘combinat’, ‘unifDAG’ in Rd xrefs
Flavor: r-devel-linux-x86_64-fedora-clang