Last updated on 2024-06-29 11:49:19 CEST.
Flavor | Version | Tinstall | Tcheck | Ttotal | Status | Flags |
---|---|---|---|---|---|---|
r-devel-linux-x86_64-debian-clang | 1.1.7 | 6.29 | 157.83 | 164.12 | OK | |
r-devel-linux-x86_64-debian-gcc | 1.1.7 | 4.70 | 113.16 | 117.86 | OK | |
r-devel-linux-x86_64-fedora-clang | 1.1.7 | 195.72 | OK | |||
r-devel-linux-x86_64-fedora-gcc | 1.1.7 | 201.07 | OK | |||
r-devel-windows-x86_64 | 1.1.7 | 8.00 | 130.00 | 138.00 | OK | |
r-patched-linux-x86_64 | 1.1.7 | 6.96 | 146.44 | 153.40 | OK | |
r-release-linux-x86_64 | 1.1.7 | 3.97 | 148.47 | 152.44 | OK | |
r-release-macos-arm64 | 1.1.7 | 56.00 | OK | |||
r-release-macos-x86_64 | 1.1.7 | 121.00 | OK | |||
r-release-windows-x86_64 | 1.1.7 | 7.00 | 126.00 | 133.00 | OK | |
r-oldrel-macos-arm64 | 1.1.7 | 65.00 | NOTE | |||
r-oldrel-macos-x86_64 | 1.1.7 | 99.00 | NOTE | |||
r-oldrel-windows-x86_64 | 1.1.7 | 8.00 | 164.00 | 172.00 | OK |
Version: 1.1.7
Check: package dependencies
Result: NOTE
Package suggested but not available for checking: ‘anomalize’
Flavors: r-oldrel-macos-arm64, r-oldrel-macos-x86_64