CRAN Package Check Results for Package pasteAsComment

Last updated on 2025-07-21 08:50:11 CEST.

Flavor Version Tinstall Tcheck Ttotal Status Flags
r-devel-linux-x86_64-debian-clang 0.2.1 1.51 16.24 17.75 NOTE
r-devel-linux-x86_64-debian-gcc 0.2.1 1.28 13.88 15.16 NOTE
r-devel-linux-x86_64-fedora-clang 0.2.1 27.34 OK
r-devel-linux-x86_64-fedora-gcc 0.2.1 25.68 OK
r-devel-windows-x86_64 0.2.1 4.00 36.00 40.00 OK
r-patched-linux-x86_64 0.2.1 1.57 15.39 16.96 OK
r-release-linux-x86_64 0.2.1 1.58 15.16 16.74 OK
r-release-macos-arm64 0.2.1 18.00 OK
r-release-macos-x86_64 0.2.1 27.00 OK
r-release-windows-x86_64 0.2.1 2.00 39.00 41.00 OK
r-oldrel-macos-arm64 0.2.1 13.00 OK
r-oldrel-macos-x86_64 0.2.1 17.00 OK
r-oldrel-windows-x86_64 0.2.1 2.00 40.00 42.00 OK

Check Details

Version: 0.2.1
Check: CRAN incoming feasibility
Result: NOTE Maintainer: ‘Stéphane Laurent <laurent_step@outlook.fr>’ No Authors@R field in DESCRIPTION. Please add one, modifying Authors@R: person(given = "Stéphane", family = "Laurent", role = c("aut", "cre"), email = "laurent_step@outlook.fr") as necessary. Flavors: r-devel-linux-x86_64-debian-clang, r-devel-linux-x86_64-debian-gcc