Last updated on 2025-05-02 02:51:02 CEST.
Flavor | Version | Tinstall | Tcheck | Ttotal | Status | Flags |
---|---|---|---|---|---|---|
r-devel-linux-x86_64-debian-clang | 0.1.0 | 2.10 | 28.33 | 30.43 | NOTE | |
r-devel-linux-x86_64-debian-gcc | 0.1.0 | 1.51 | 21.27 | 22.78 | OK | |
r-devel-linux-x86_64-fedora-clang | 0.1.0 | 48.90 | OK | |||
r-devel-linux-x86_64-fedora-gcc | 0.1.0 | 46.42 | OK | |||
r-devel-windows-x86_64 | 0.1.0 | 4.00 | 49.00 | 53.00 | OK | |
r-patched-linux-x86_64 | 0.1.0 | 1.36 | 26.87 | 28.23 | OK | |
r-release-linux-x86_64 | OK | |||||
r-release-macos-arm64 | 0.1.0 | 20.00 | OK | |||
r-release-macos-x86_64 | 0.1.0 | 33.00 | OK | |||
r-release-windows-x86_64 | 0.1.0 | 4.00 | 48.00 | 52.00 | OK | |
r-oldrel-macos-arm64 | 0.1.0 | 21.00 | OK | |||
r-oldrel-macos-x86_64 | 0.1.0 | 42.00 | OK | |||
r-oldrel-windows-x86_64 | 0.1.0 | 4.00 | 52.00 | 56.00 | OK |
Version: 0.1.0
Check: examples
Result: NOTE
Examples with CPU (user + system) or elapsed time > 5s
user system elapsed
pastaPlot 6.503 0.157 8.77
Flavor: r-devel-linux-x86_64-debian-clang