Last updated on 2024-07-03 01:49:11 CEST.
Flavor | Version | Tinstall | Tcheck | Ttotal | Status | Flags |
---|---|---|---|---|---|---|
r-devel-linux-x86_64-debian-clang | 0.3.3 | 103.45 | 71.40 | 174.85 | OK | |
r-devel-linux-x86_64-debian-gcc | 0.3.3 | 69.44 | 49.11 | 118.55 | OK | |
r-devel-linux-x86_64-fedora-clang | 0.3.3 | 238.33 | OK | |||
r-devel-linux-x86_64-fedora-gcc | 0.3.3 | 260.09 | OK | |||
r-devel-windows-x86_64 | 0.3.3 | 89.00 | 96.00 | 185.00 | OK | |
r-patched-linux-x86_64 | 0.3.3 | 83.31 | 64.31 | 147.62 | OK | |
r-release-linux-x86_64 | 0.3.3 | 81.05 | 63.74 | 144.79 | OK | |
r-release-macos-arm64 | 0.3.3 | 53.00 | NOTE | |||
r-release-macos-x86_64 | 0.3.3 | 71.00 | NOTE | |||
r-release-windows-x86_64 | 0.3.3 | 85.00 | 96.00 | 181.00 | OK | |
r-oldrel-macos-arm64 | 0.3.3 | 68.00 | NOTE | |||
r-oldrel-macos-x86_64 | 0.3.3 | 95.00 | NOTE | |||
r-oldrel-windows-x86_64 | 0.3.3 | 105.00 | 114.00 | 219.00 | OK |
Version: 0.3.3
Check: installed package size
Result: NOTE
installed size is 5.7Mb
sub-directories of 1Mb or more:
libs 4.2Mb
Flavors: r-release-macos-arm64, r-release-macos-x86_64, r-oldrel-macos-arm64, r-oldrel-macos-x86_64