Last updated on 2025-04-30 01:50:30 CEST.
Flavor | Version | Tinstall | Tcheck | Ttotal | Status | Flags |
---|---|---|---|---|---|---|
r-devel-linux-x86_64-debian-clang | 2.0 | 1.72 | 21.84 | 23.56 | NOTE | |
r-devel-linux-x86_64-debian-gcc | 2.0 | 1.42 | 16.49 | 17.91 | NOTE | |
r-devel-linux-x86_64-fedora-clang | 2.0 | 37.50 | OK | |||
r-devel-linux-x86_64-fedora-gcc | 2.0 | 35.96 | OK | |||
r-devel-windows-x86_64 | 2.0 | 2.00 | 46.00 | 48.00 | OK | |
r-patched-linux-x86_64 | 2.0 | 1.96 | 20.80 | 22.76 | OK | |
r-release-linux-x86_64 | 2.0 | 1.41 | 21.15 | 22.56 | OK | |
r-release-macos-arm64 | 2.0 | 15.00 | OK | |||
r-release-macos-x86_64 | 2.0 | 30.00 | OK | |||
r-release-windows-x86_64 | 2.0 | 3.00 | 43.00 | 46.00 | OK | |
r-oldrel-macos-arm64 | 2.0 | 15.00 | OK | |||
r-oldrel-macos-x86_64 | 2.0 | 28.00 | OK | |||
r-oldrel-windows-x86_64 | 2.0 | 3.00 | 46.00 | 49.00 | OK |
Version: 2.0
Check: CRAN incoming feasibility
Result: NOTE
Maintainer: ‘Erin Conlon <econlon@umass.edu>’
No Authors@R field in DESCRIPTION.
Please add one, modifying
Authors@R: c(person(given = "Alexey",
family = "Miroshnikov",
role = "aut"),
person(given = "Erin",
family = "Conlon",
role = c("aut", "cre"),
email = "econlon@umass.edu"))
as necessary.
Flavors: r-devel-linux-x86_64-debian-clang, r-devel-linux-x86_64-debian-gcc