Last updated on 2025-05-09 04:52:04 CEST.
Flavor | Version | Tinstall | Tcheck | Ttotal | Status | Flags |
---|---|---|---|---|---|---|
r-devel-linux-x86_64-debian-clang | 1.1.2 | 6.48 | 623.20 | 629.68 | OK | |
r-devel-linux-x86_64-debian-gcc | 1.1.2 | 4.39 | 433.99 | 438.38 | OK | |
r-devel-linux-x86_64-fedora-clang | 1.1.2 | 1021.86 | OK | |||
r-devel-linux-x86_64-fedora-gcc | 1.1.2 | 1098.76 | OK | |||
r-devel-windows-x86_64 | 1.1.2 | 9.00 | 615.00 | 624.00 | OK | |
r-patched-linux-x86_64 | 1.1.2 | 6.68 | 606.77 | 613.45 | OK | |
r-release-linux-x86_64 | 1.1.2 | 6.32 | 590.74 | 597.06 | OK | |
r-release-macos-arm64 | 1.1.2 | 304.00 | OK | |||
r-release-macos-x86_64 | 1.1.2 | 413.00 | OK | |||
r-release-windows-x86_64 | 1.1.2 | 8.00 | 635.00 | 643.00 | OK | |
r-oldrel-macos-arm64 | 1.1.2 | 230.00 | NOTE | |||
r-oldrel-macos-x86_64 | 1.1.2 | 383.00 | NOTE | |||
r-oldrel-windows-x86_64 | 1.1.2 | 12.00 | 822.00 | 834.00 | OK |
Version: 1.1.2
Check: package dependencies
Result: NOTE
Package suggested but not available for checking: ‘MicrobiotaProcess’
Flavor: r-oldrel-macos-arm64
Version: 1.1.2
Check: package dependencies
Result: NOTE
Packages suggested but not available for checking:
'MicrobiotaProcess', 'TreeSummarizedExperiment'
Flavor: r-oldrel-macos-x86_64