Last updated on 2025-04-17 09:49:20 CEST.
Flavor | Version | Tinstall | Tcheck | Ttotal | Status | Flags |
---|---|---|---|---|---|---|
r-devel-linux-x86_64-debian-clang | 0.1.1 | 264.17 | 210.65 | 474.82 | OK | |
r-devel-linux-x86_64-debian-gcc | 0.1.1 | 232.82 | 164.24 | 397.06 | OK | |
r-devel-linux-x86_64-fedora-clang | 0.1.1 | 754.12 | OK | |||
r-devel-linux-x86_64-fedora-gcc | 0.1.1 | 1003.35 | OK | |||
r-devel-windows-x86_64 | 0.1.1 | 292.00 | 266.00 | 558.00 | OK | |
r-patched-linux-x86_64 | 0.1.1 | 296.08 | 229.55 | 525.63 | OK | |
r-release-linux-x86_64 | 0.1.1 | 295.67 | 229.42 | 525.09 | OK | |
r-release-macos-arm64 | 0.1.1 | 176.00 | OK | |||
r-release-macos-x86_64 | 0.1.1 | 303.00 | OK | |||
r-release-windows-x86_64 | 0.1.1 | 288.00 | 271.00 | 559.00 | OK | |
r-oldrel-macos-arm64 | 0.1.1 | 186.00 | NOTE | |||
r-oldrel-macos-x86_64 | 0.1.1 | 372.00 | NOTE | |||
r-oldrel-windows-x86_64 | 0.1.1 | 332.00 | 351.00 | 683.00 | OK |
Version: 0.1.1
Check: installed package size
Result: NOTE
installed size is 84.2Mb
sub-directories of 1Mb or more:
libs 83.7Mb
Flavors: r-oldrel-macos-arm64, r-oldrel-macos-x86_64
Version: 0.1.1
Check: for GNU extensions in Makefiles
Result: NOTE
GNU make is a SystemRequirements.
Flavors: r-oldrel-macos-arm64, r-oldrel-macos-x86_64