CRAN Package Check Results for Package panelaggregation

Last updated on 2025-05-01 08:52:40 CEST.

Flavor Version Tinstall Tcheck Ttotal Status Flags
r-devel-linux-x86_64-debian-clang 0.1.1 1.88 24.63 26.51 NOTE
r-devel-linux-x86_64-debian-gcc 0.1.1 1.75 19.85 21.60 NOTE
r-devel-linux-x86_64-fedora-clang 0.1.1 40.31 NOTE
r-devel-linux-x86_64-fedora-gcc 0.1.1 38.45 NOTE
r-devel-windows-x86_64 0.1.1 4.00 48.00 52.00 NOTE
r-patched-linux-x86_64 0.1.1 2.18 22.91 25.09 NOTE
r-release-linux-x86_64 NOTE
r-release-macos-arm64 0.1.1 18.00 NOTE
r-release-macos-x86_64 0.1.1 29.00 NOTE
r-release-windows-x86_64 0.1.1 3.00 53.00 56.00 NOTE
r-oldrel-macos-arm64 0.1.1 18.00 NOTE
r-oldrel-macos-x86_64 0.1.1 23.00 NOTE
r-oldrel-windows-x86_64 0.1.1 3.00 48.00 51.00 NOTE

Check Details

Version: 0.1.1
Check: Rd files
Result: NOTE checkRd: (-1) btsdemo.Rd:22: Escaped LaTeX specials: \_ checkRd: (-1) btsdemo.Rd:23: Escaped LaTeX specials: \_ checkRd: (-1) btsdemo.Rd:24: Escaped LaTeX specials: \_ checkRd: (-1) btsdemo.Rd:25: Escaped LaTeX specials: \_ checkRd: (-1) btsdemo.Rd:26: Escaped LaTeX specials: \_ checkRd: (-1) btsdemo.Rd:30: Escaped LaTeX specials: \_ Flavors: r-devel-linux-x86_64-debian-clang, r-devel-linux-x86_64-debian-gcc, r-devel-linux-x86_64-fedora-clang, r-devel-linux-x86_64-fedora-gcc, r-devel-windows-x86_64, r-patched-linux-x86_64, r-release-linux-x86_64, r-release-macos-arm64, r-release-macos-x86_64, r-release-windows-x86_64, r-oldrel-macos-arm64, r-oldrel-macos-x86_64, r-oldrel-windows-x86_64

Version: 0.1.1
Check: Rd cross-references
Result: NOTE Found the following Rd file(s) with Rd \link{} targets missing package anchors: doUniqueCJ.Rd: CJ Please provide package anchors for all Rd \link{} targets not in the package itself and the base packages. Flavors: r-devel-linux-x86_64-debian-clang, r-devel-linux-x86_64-debian-gcc, r-devel-windows-x86_64, r-patched-linux-x86_64, r-release-linux-x86_64, r-release-windows-x86_64