Last updated on 2024-06-29 11:49:19 CEST.
Flavor | Version | Tinstall | Tcheck | Ttotal | Status | Flags |
---|---|---|---|---|---|---|
r-devel-linux-x86_64-debian-clang | 0.6.5 | 36.77 | 97.70 | 134.47 | NOTE | |
r-devel-linux-x86_64-debian-gcc | 0.6.5 | 25.60 | 70.49 | 96.09 | NOTE | |
r-devel-linux-x86_64-fedora-clang | 0.6.5 | 192.31 | NOTE | |||
r-devel-linux-x86_64-fedora-gcc | 0.6.5 | 197.85 | NOTE | |||
r-devel-windows-x86_64 | 0.6.5 | 33.00 | 121.00 | 154.00 | NOTE | |
r-patched-linux-x86_64 | 0.6.5 | 36.29 | 92.73 | 129.02 | NOTE | |
r-release-linux-x86_64 | 0.6.5 | 34.88 | 92.16 | 127.04 | NOTE | |
r-release-macos-arm64 | 0.6.5 | 58.00 | NOTE | |||
r-release-macos-x86_64 | 0.6.5 | 79.00 | NOTE | |||
r-release-windows-x86_64 | 0.6.5 | 30.00 | 122.00 | 152.00 | NOTE | |
r-oldrel-macos-arm64 | 0.6.5 | 60.00 | OK | |||
r-oldrel-macos-x86_64 | 0.6.5 | 93.00 | OK | |||
r-oldrel-windows-x86_64 | 0.6.5 | 43.00 | 144.00 | 187.00 | OK |
Version: 0.6.5
Check: Rd files
Result: NOTE
checkRd: (-1) Pandoc.convert.Rd:42: Lost braces
42 | Calling John MacFarlane's great program to convert specified file (see \code{f} parameter below) or character vector {see \code{text} paramater} to other formats like \code{HTML}, \code{pdf}, \code{docx}, \code{odt} etc.
| ^
Flavors: r-devel-linux-x86_64-debian-clang, r-devel-linux-x86_64-debian-gcc, r-devel-linux-x86_64-fedora-clang, r-devel-linux-x86_64-fedora-gcc, r-devel-windows-x86_64, r-patched-linux-x86_64, r-release-linux-x86_64, r-release-macos-arm64, r-release-macos-x86_64, r-release-windows-x86_64