Last updated on 2025-05-01 01:49:40 CEST.
Flavor | Version | Tinstall | Tcheck | Ttotal | Status | Flags |
---|---|---|---|---|---|---|
r-devel-linux-x86_64-debian-clang | 2.0 | 9.50 | 99.35 | 108.85 | NOTE | |
r-devel-linux-x86_64-debian-gcc | 2.0 | 7.68 | 72.57 | 80.25 | NOTE | |
r-devel-linux-x86_64-fedora-clang | 2.0 | 161.25 | OK | |||
r-devel-linux-x86_64-fedora-gcc | 2.0 | 155.21 | OK | |||
r-devel-windows-x86_64 | 2.0 | 12.00 | 118.00 | 130.00 | OK | |
r-patched-linux-x86_64 | 2.0 | 9.38 | 93.45 | 102.83 | OK | |
r-release-linux-x86_64 | 2.0 | 8.58 | 96.71 | 105.29 | OK | |
r-release-macos-arm64 | 2.0 | 48.00 | OK | |||
r-release-macos-x86_64 | 2.0 | 91.00 | OK | |||
r-release-windows-x86_64 | 2.0 | 11.00 | 123.00 | 134.00 | OK | |
r-oldrel-macos-arm64 | 2.0 | 45.00 | OK | |||
r-oldrel-macos-x86_64 | 2.0 | 74.00 | OK | |||
r-oldrel-windows-x86_64 | 2.0 | 13.00 | 136.00 | 149.00 | OK |
Version: 2.0
Check: CRAN incoming feasibility
Result: NOTE
Maintainer: ‘Joseph G Kreke <jkreke2@gmail.com>’
No Authors@R field in DESCRIPTION.
Please add one, modifying
Authors@R: c(person(given = c("Joseph", "G"),
family = "Kreke",
role = c("aut", "cre"),
email = "jkreke2@gmail.com"),
person(given = "PhD;",
family = "Harris",
role = "aut"),
person(given = c("Inc.", "Sangeet"),
family = "Khemlani",
role = "aut"),
person(given = c("PhD;", "Naval", "Research", "Laboratory.", "Greg"),
family = "Trafton",
role = "aut"),
person(given = c("PhD;", "Naval", "Research"),
family = "Laboratory.",
role = "aut"))
as necessary.
Flavors: r-devel-linux-x86_64-debian-clang, r-devel-linux-x86_64-debian-gcc
Version: 2.0
Check: examples
Result: NOTE
Examples with CPU (user + system) or elapsed time > 5s
user system elapsed
R2k 3.939 1.149 6.811
plotR2Equiv 3.557 0.527 5.591
Flavor: r-devel-linux-x86_64-debian-clang