CRAN Package Check Results for Package p3state.msm

Last updated on 2025-04-30 19:50:10 CEST.

Flavor Version Tinstall Tcheck Ttotal Status Flags
r-devel-linux-x86_64-debian-clang 1.3.2 5.95 57.28 63.23 NOTE
r-devel-linux-x86_64-debian-gcc 1.3.2 5.09 42.54 47.63 NOTE
r-devel-linux-x86_64-fedora-clang 1.3.2 100.52 OK
r-devel-linux-x86_64-fedora-gcc 1.3.2 96.27 OK
r-devel-windows-x86_64 1.3.2 8.00 71.00 79.00 NOTE
r-patched-linux-x86_64 1.3.2 5.51 54.35 59.86 NOTE
r-release-linux-x86_64 1.3.2 6.37 54.13 60.50 NOTE
r-release-macos-arm64 1.3.2 41.00 OK
r-release-macos-x86_64 1.3.2 66.00 OK
r-release-windows-x86_64 1.3.2 7.00 71.00 78.00 NOTE
r-oldrel-macos-arm64 1.3.2 32.00 OK
r-oldrel-macos-x86_64 1.3.2 44.00 OK
r-oldrel-windows-x86_64 1.3.2 9.00 80.00 89.00 OK

Check Details

Version: 1.3.2
Check: CRAN incoming feasibility
Result: NOTE Maintainer: ‘Luis Meira-Machado <lmachado@math.uminho.pt>’ Package CITATION file contains call(s) to old-style personList() or as.personList(). Please use c() on person objects instead. Package CITATION file contains call(s) to old-style citEntry(). Please use bibentry() instead. Flavors: r-devel-linux-x86_64-debian-clang, r-devel-linux-x86_64-debian-gcc

Version: 1.3.2
Check: Rd cross-references
Result: NOTE Found the following Rd file(s) with Rd \link{} targets missing package anchors: heart2.Rd: heart Please provide package anchors for all Rd \link{} targets not in the package itself and the base packages. Flavors: r-devel-linux-x86_64-debian-clang, r-devel-linux-x86_64-debian-gcc, r-devel-windows-x86_64, r-patched-linux-x86_64, r-release-linux-x86_64, r-release-windows-x86_64