CRAN Package Check Results for Package overlapping

Last updated on 2025-04-30 01:50:30 CEST.

Flavor Version Tinstall Tcheck Ttotal Status Flags
r-devel-linux-x86_64-debian-clang 2.2 5.00 59.29 64.29 NOTE
r-devel-linux-x86_64-debian-gcc 2.2 3.98 41.64 45.62 OK
r-devel-linux-x86_64-fedora-clang 2.2 91.79 OK
r-devel-linux-x86_64-fedora-gcc 2.2 88.12 OK
r-devel-windows-x86_64 2.2 7.00 83.00 90.00 OK
r-patched-linux-x86_64 2.2 4.85 55.70 60.55 OK
r-release-linux-x86_64 2.2 4.80 56.10 60.90 OK
r-release-macos-arm64 2.2 35.00 OK
r-release-macos-x86_64 2.2 56.00 OK
r-release-windows-x86_64 2.2 7.00 78.00 85.00 OK
r-oldrel-macos-arm64 2.2 34.00 OK
r-oldrel-macos-x86_64 2.2 62.00 OK
r-oldrel-windows-x86_64 2.2 9.00 90.00 99.00 OK

Check Details

Version: 2.2
Check: examples
Result: NOTE Examples with CPU (user + system) or elapsed time > 5s user system elapsed boot.overlap 5.764 0.153 7.077 overlap 4.334 0.036 5.807 Flavor: r-devel-linux-x86_64-debian-clang