Last updated on 2025-05-01 20:49:46 CEST.
Flavor | Version | Tinstall | Tcheck | Ttotal | Status | Flags |
---|---|---|---|---|---|---|
r-devel-linux-x86_64-debian-clang | 0.2.1 | 5.74 | 66.57 | 72.31 | NOTE | |
r-devel-linux-x86_64-debian-gcc | 0.2.1 | 5.30 | 48.61 | 53.91 | NOTE | |
r-devel-linux-x86_64-fedora-clang | 0.2.1 | 116.97 | OK | |||
r-devel-linux-x86_64-fedora-gcc | 0.2.1 | 113.56 | OK | |||
r-devel-windows-x86_64 | 0.2.1 | 7.00 | 87.00 | 94.00 | OK | |
r-patched-linux-x86_64 | 0.2.1 | 6.93 | 64.26 | 71.19 | OK | |
r-release-linux-x86_64 | OK | |||||
r-release-macos-arm64 | 0.2.1 | 41.00 | OK | |||
r-release-macos-x86_64 | 0.2.1 | 83.00 | OK | |||
r-release-windows-x86_64 | 0.2.1 | 9.00 | 88.00 | 97.00 | OK | |
r-oldrel-macos-arm64 | 0.2.1 | 36.00 | OK | |||
r-oldrel-macos-x86_64 | 0.2.1 | 57.00 | OK | |||
r-oldrel-windows-x86_64 | 0.2.1 | 9.00 | 93.00 | 102.00 | OK |
Version: 0.2.1
Check: CRAN incoming feasibility
Result: NOTE
Maintainer: ‘Junwen Xia <xiajunwen@ruc.edu.cn>’
The Description field contains
available (Xia, J., Zhan, Z., Zhang, J. (2022) <arXiv:2210.05538>).
Please refer to arXiv e-prints via their arXiv DOI <doi:10.48550/arXiv.YYMM.NNNNN>.
Flavors: r-devel-linux-x86_64-debian-clang, r-devel-linux-x86_64-debian-gcc
Version: 0.2.1
Check: examples
Result: NOTE
Examples with CPU (user + system) or elapsed time > 5s
user system elapsed
Genetic.optim.DRKMEIV 4.734 0.003 5.512
Flavor: r-devel-linux-x86_64-debian-clang