Last updated on 2024-06-29 23:49:59 CEST.
Flavor | Version | Tinstall | Tcheck | Ttotal | Status | Flags |
---|---|---|---|---|---|---|
r-devel-linux-x86_64-debian-clang | 1.2.1 | 63.27 | 89.33 | 152.60 | NOTE | |
r-devel-linux-x86_64-debian-gcc | 1.2.1 | 49.25 | 66.47 | 115.72 | NOTE | |
r-devel-linux-x86_64-fedora-clang | 1.2.1 | 192.19 | NOTE | |||
r-devel-linux-x86_64-fedora-gcc | 1.2.1 | 211.49 | NOTE | |||
r-devel-windows-x86_64 | 1.2.1 | 46.00 | 92.00 | 138.00 | NOTE | |
r-patched-linux-x86_64 | 1.2.1 | 59.39 | 84.41 | 143.80 | NOTE | |
r-release-linux-x86_64 | 1.2.1 | 55.05 | 85.76 | 140.81 | NOTE | |
r-release-macos-arm64 | 1.2.1 | 69.00 | NOTE | |||
r-release-macos-x86_64 | 1.2.1 | 102.00 | NOTE | |||
r-release-windows-x86_64 | 1.2.1 | 45.00 | 91.00 | 136.00 | NOTE | |
r-oldrel-macos-arm64 | 1.2.1 | 69.00 | OK | |||
r-oldrel-macos-x86_64 | 1.2.1 | 217.00 | OK | |||
r-oldrel-windows-x86_64 | 1.2.1 | 54.00 | 111.00 | 165.00 | OK |
Version: 1.2.1
Check: Rd files
Result: NOTE
checkRd: (-1) oscar.Rd:44: Lost braces; missing escapes or markup?
44 | \item{print}{Level of verbosity in Fortran (may not be visible on all terminals); should be an integer between {range, range}, Default: 3}
| ^
checkRd: (-1) oscar.control.Rd:41: Lost braces; missing escapes or markup?
41 | \item{start}{Starting point generation method, see vignettes for details; should be an integer between {range,range}, Default: 2}
| ^
Flavors: r-devel-linux-x86_64-debian-clang, r-devel-linux-x86_64-debian-gcc, r-devel-linux-x86_64-fedora-clang, r-devel-linux-x86_64-fedora-gcc, r-devel-windows-x86_64, r-patched-linux-x86_64, r-release-linux-x86_64, r-release-macos-arm64, r-release-macos-x86_64, r-release-windows-x86_64