Last updated on 2024-07-02 01:57:17 CEST.
Flavor | Version | Tinstall | Tcheck | Ttotal | Status | Flags |
---|---|---|---|---|---|---|
r-devel-linux-x86_64-debian-clang | 0.1.4 | 55.14 | 282.26 | 337.40 | NOTE | |
r-devel-linux-x86_64-debian-gcc | 0.1.4 | 39.05 | 181.33 | 220.38 | NOTE | |
r-devel-linux-x86_64-fedora-clang | 0.1.4 | 458.21 | NOTE | |||
r-devel-linux-x86_64-fedora-gcc | 0.1.4 | 474.03 | NOTE | |||
r-devel-windows-x86_64 | 0.1.4 | 47.00 | 207.00 | 254.00 | NOTE | |
r-patched-linux-x86_64 | 0.1.4 | 46.71 | 286.55 | 333.26 | NOTE | |
r-release-linux-x86_64 | 0.1.4 | 43.21 | 284.19 | 327.40 | NOTE | |
r-release-macos-arm64 | 0.1.4 | 96.00 | NOTE | |||
r-release-macos-x86_64 | 0.1.4 | 148.00 | NOTE | |||
r-release-windows-x86_64 | 0.1.4 | 49.00 | 203.00 | 252.00 | NOTE | |
r-oldrel-macos-arm64 | 0.1.4 | 113.00 | OK | |||
r-oldrel-macos-x86_64 | 0.1.4 | 189.00 | OK | |||
r-oldrel-windows-x86_64 | 0.1.4 | 59.00 | 250.00 | 309.00 | OK |
Version: 0.1.4
Check: Rd files
Result: NOTE
checkRd: (-1) orf.Rd:74: Lost braces
74 | matrix of covariates \code{X} and a vector of outcomes 'code{Y} to the \code{orf}
| ^
Flavors: r-devel-linux-x86_64-debian-clang, r-devel-linux-x86_64-debian-gcc, r-devel-linux-x86_64-fedora-clang, r-devel-linux-x86_64-fedora-gcc, r-devel-windows-x86_64, r-patched-linux-x86_64, r-release-linux-x86_64, r-release-macos-arm64, r-release-macos-x86_64, r-release-windows-x86_64