Last updated on 2024-07-01 00:49:50 CEST.
Flavor | Version | Tinstall | Tcheck | Ttotal | Status | Flags |
---|---|---|---|---|---|---|
r-devel-linux-x86_64-debian-clang | 0.1.1 | 52.65 | 438.21 | 490.86 | OK | |
r-devel-linux-x86_64-debian-gcc | 0.1.1 | 46.19 | 321.30 | 367.49 | OK | |
r-devel-linux-x86_64-fedora-clang | 0.1.1 | 635.25 | NOTE | |||
r-devel-linux-x86_64-fedora-gcc | 0.1.1 | 612.39 | NOTE | |||
r-devel-windows-x86_64 | 0.1.1 | 41.00 | 470.00 | 511.00 | OK | |
r-patched-linux-x86_64 | 0.1.1 | 36.19 | 413.60 | 449.79 | OK | |
r-release-linux-x86_64 | 0.1.1 | 41.12 | 416.96 | 458.08 | OK | |
r-release-macos-arm64 | 0.1.1 | 208.00 | OK | |||
r-release-macos-x86_64 | 0.1.1 | 312.00 | OK | |||
r-release-windows-x86_64 | 0.1.1 | 41.00 | 468.00 | 509.00 | OK | |
r-oldrel-macos-arm64 | 0.1.1 | 243.00 | OK | |||
r-oldrel-macos-x86_64 | 0.1.1 | 349.00 | OK | |||
r-oldrel-windows-x86_64 | 0.1.1 | 57.00 | 593.00 | 650.00 | OK |
Version: 0.1.1
Check: dependencies in R code
Result: NOTE
Namespace in Imports field not imported from: ‘devtools’
All declared Imports should be used.
Flavors: r-devel-linux-x86_64-fedora-clang, r-devel-linux-x86_64-fedora-gcc