Last updated on 2024-07-02 01:57:17 CEST.
Flavor | Version | Tinstall | Tcheck | Ttotal | Status | Flags |
---|---|---|---|---|---|---|
r-devel-linux-x86_64-debian-clang | 0.0.2 | 2.52 | 36.38 | 38.90 | OK | |
r-devel-linux-x86_64-debian-gcc | 0.0.2 | 1.54 | 28.08 | 29.62 | OK | |
r-devel-linux-x86_64-fedora-clang | 0.0.2 | 50.77 | NOTE | |||
r-devel-linux-x86_64-fedora-gcc | 0.0.2 | 59.98 | OK | |||
r-devel-windows-x86_64 | 0.0.2 | 3.00 | 49.00 | 52.00 | OK | |
r-patched-linux-x86_64 | 0.0.2 | 2.60 | 34.80 | 37.40 | OK | |
r-release-linux-x86_64 | 0.0.2 | 1.97 | 34.20 | 36.17 | OK | |
r-release-macos-arm64 | 0.0.2 | 24.00 | OK | |||
r-release-macos-x86_64 | 0.0.2 | 33.00 | OK | |||
r-release-windows-x86_64 | 0.0.2 | 4.00 | 49.00 | 53.00 | OK | |
r-oldrel-macos-arm64 | 0.0.2 | 25.00 | OK | |||
r-oldrel-macos-x86_64 | 0.0.2 | 58.00 | OK | |||
r-oldrel-windows-x86_64 | 0.0.2 | 3.00 | 52.00 | 55.00 | OK |
Version: 0.0.2
Check: Rd cross-references
Result: NOTE
Undeclared package ‘tibble’ in Rd xrefs
Flavor: r-devel-linux-x86_64-fedora-clang