Last updated on 2025-05-08 10:52:47 CEST.
Flavor | Version | Tinstall | Tcheck | Ttotal | Status | Flags |
---|---|---|---|---|---|---|
r-devel-linux-x86_64-debian-clang | 2.0.1 | 1.75 | 22.64 | 24.39 | NOTE | |
r-devel-linux-x86_64-debian-gcc | 2.0.1 | 1.35 | 19.20 | 20.55 | NOTE | |
r-devel-linux-x86_64-fedora-clang | 2.0.1 | 39.55 | OK | |||
r-devel-linux-x86_64-fedora-gcc | 2.0.1 | 50.94 | OK | |||
r-devel-windows-x86_64 | 2.0.1 | 2.00 | 44.00 | 46.00 | OK | |
r-patched-linux-x86_64 | 2.0.1 | 1.63 | 22.08 | 23.71 | OK | |
r-release-linux-x86_64 | 2.0.1 | 1.57 | 21.65 | 23.22 | OK | |
r-release-macos-arm64 | 2.0.1 | 23.00 | OK | |||
r-release-macos-x86_64 | 2.0.1 | 39.00 | OK | |||
r-release-windows-x86_64 | 2.0.1 | 4.00 | 45.00 | 49.00 | OK | |
r-oldrel-macos-arm64 | 2.0.1 | 25.00 | OK | |||
r-oldrel-macos-x86_64 | 2.0.1 | 29.00 | OK | |||
r-oldrel-windows-x86_64 | 2.0.1 | 3.00 | 50.00 | 53.00 | OK |
Version: 2.0.1
Check: CRAN incoming feasibility
Result: NOTE
Maintainer: ‘Antoine Champion <antoine.champion@outlook.com>’
No Authors@R field in DESCRIPTION.
Please add one, modifying
Authors@R: person(given = "Antoine",
family = "Champion",
role = c("aut", "cre"),
email = "antoine.champion@outlook.com")
as necessary.
Flavors: r-devel-linux-x86_64-debian-clang, r-devel-linux-x86_64-debian-gcc