CRAN Package Check Results for Package optigrab

Last updated on 2025-05-07 10:50:36 CEST.

Flavor Version Tinstall Tcheck Ttotal Status Flags
r-devel-linux-x86_64-debian-clang 0.9.2.1 2.13 28.75 30.88 NOTE
r-devel-linux-x86_64-debian-gcc 0.9.2.1 1.53 23.15 24.68 NOTE
r-devel-linux-x86_64-fedora-clang 0.9.2.1 49.70 NOTE
r-devel-linux-x86_64-fedora-gcc 0.9.2.1 59.86 NOTE
r-devel-windows-x86_64 0.9.2.1 3.00 52.00 55.00 NOTE
r-patched-linux-x86_64 0.9.2.1 2.35 27.24 29.59 NOTE
r-release-linux-x86_64 0.9.2.1 1.87 27.18 29.05 NOTE
r-release-macos-arm64 0.9.2.1 34.00 NOTE
r-release-macos-x86_64 0.9.2.1 46.00 NOTE
r-release-windows-x86_64 0.9.2.1 3.00 53.00 56.00 NOTE
r-oldrel-macos-arm64 0.9.2.1 26.00 NOTE
r-oldrel-macos-x86_64 0.9.2.1 33.00 NOTE
r-oldrel-windows-x86_64 0.9.2.1 3.00 60.00 63.00 NOTE

Check Details

Version: 0.9.2.1
Check: Rd files
Result: NOTE checkRd: (-1) gnu_style.Rd:24: Lost braces 24 | [GNU Command Line Standards]{http://www.gnu.org/prep/standards/standards.html} | ^ Flavors: r-devel-linux-x86_64-debian-clang, r-devel-linux-x86_64-debian-gcc, r-devel-linux-x86_64-fedora-clang, r-devel-linux-x86_64-fedora-gcc, r-devel-windows-x86_64, r-patched-linux-x86_64, r-release-linux-x86_64, r-release-macos-arm64, r-release-macos-x86_64, r-release-windows-x86_64, r-oldrel-macos-arm64, r-oldrel-macos-x86_64, r-oldrel-windows-x86_64