Last updated on 2024-06-29 11:49:19 CEST.
Flavor | Version | Tinstall | Tcheck | Ttotal | Status | Flags |
---|---|---|---|---|---|---|
r-devel-linux-x86_64-debian-clang | 1.0.1 | 11.76 | 88.64 | 100.40 | NOTE | |
r-devel-linux-x86_64-debian-gcc | 1.0.1 | 10.21 | 65.94 | 76.15 | NOTE | |
r-devel-linux-x86_64-fedora-clang | 1.0.1 | 125.61 | NOTE | |||
r-devel-linux-x86_64-fedora-gcc | 1.0.1 | 120.33 | NOTE | |||
r-devel-windows-x86_64 | 1.0.1 | 10.00 | 81.00 | 91.00 | OK | |
r-patched-linux-x86_64 | 1.0.1 | 15.75 | 85.69 | 101.44 | NOTE | |
r-release-linux-x86_64 | 1.0.1 | 11.08 | 83.52 | 94.60 | NOTE | |
r-release-macos-arm64 | 1.0.1 | 47.00 | OK | |||
r-release-macos-x86_64 | 1.0.1 | 67.00 | OK | |||
r-release-windows-x86_64 | 1.0.1 | 10.00 | 82.00 | 92.00 | OK | |
r-oldrel-macos-arm64 | 1.0.1 | 42.00 | OK | |||
r-oldrel-macos-x86_64 | 1.0.1 | 66.00 | OK | |||
r-oldrel-windows-x86_64 | 1.0.1 | 13.00 | 97.00 | 110.00 | OK |
Version: 1.0.1
Check: for non-standard things in the check directory
Result: NOTE
Found the following files/directories:
‘Graph_layout_Doptbd_trtE’
Flavors: r-devel-linux-x86_64-debian-clang, r-devel-linux-x86_64-debian-gcc, r-devel-linux-x86_64-fedora-clang, r-devel-linux-x86_64-fedora-gcc, r-patched-linux-x86_64, r-release-linux-x86_64