Last updated on 2025-05-07 22:48:35 CEST.
Flavor | Version | Tinstall | Tcheck | Ttotal | Status | Flags |
---|---|---|---|---|---|---|
r-devel-linux-x86_64-debian-clang | 1.15 | 119.39 | 284.77 | 404.16 | OK | |
r-devel-linux-x86_64-debian-gcc | 1.15 | 80.98 | 191.00 | 271.98 | OK | |
r-devel-linux-x86_64-fedora-clang | 1.15 | 645.72 | OK | |||
r-devel-linux-x86_64-fedora-gcc | 1.15 | 711.00 | OK | |||
r-devel-windows-x86_64 | 1.15 | 114.00 | 265.00 | 379.00 | OK | |
r-patched-linux-x86_64 | 1.15 | 123.41 | 266.56 | 389.97 | OK | |
r-release-linux-x86_64 | 1.15 | 112.28 | 268.20 | 380.48 | OK | |
r-release-macos-arm64 | 1.15 | 170.00 | OK | |||
r-release-macos-x86_64 | 1.15 | 268.00 | OK | |||
r-release-windows-x86_64 | 1.15 | 105.00 | 275.00 | 380.00 | OK | |
r-oldrel-macos-arm64 | 1.15 | 162.00 | NOTE | |||
r-oldrel-macos-x86_64 | 1.15 | 314.00 | NOTE | |||
r-oldrel-windows-x86_64 | 1.15 | 112.00 | 362.00 | 474.00 | NOTE |
Version: 1.15
Check: installed package size
Result: NOTE
installed size is 15.1Mb
sub-directories of 1Mb or more:
R 2.0Mb
libs 10.7Mb
Flavors: r-oldrel-macos-arm64, r-oldrel-macos-x86_64, r-oldrel-windows-x86_64