CRAN Package Check Results for Package openmetrics

Last updated on 2025-11-19 02:52:34 CET.

Flavor Version Tinstall Tcheck Ttotal Status Flags
r-devel-linux-x86_64-debian-clang 0.3.0 6.06 24.18 30.24 OK
r-devel-linux-x86_64-debian-gcc 0.3.0 3.89 20.27 24.16 OK
r-devel-linux-x86_64-fedora-clang 0.3.0 12.00 32.13 44.13 NOTE
r-devel-linux-x86_64-fedora-gcc 0.3.0 13.00 30.11 43.11 NOTE
r-devel-windows-x86_64 0.3.0 7.00 43.00 50.00 OK
r-patched-linux-x86_64 0.3.0 6.11 21.95 28.06 OK
r-release-linux-x86_64 0.3.0 5.33 21.94 27.27 OK
r-release-macos-arm64 0.3.0 5.00 15.00 20.00 OK
r-release-macos-x86_64 0.3.0 6.00 24.00 30.00 OK
r-release-windows-x86_64 0.3.0 6.00 43.00 49.00 OK
r-oldrel-macos-arm64 0.3.0 3.00 15.00 18.00 NOTE
r-oldrel-macos-x86_64 0.3.0 4.00 20.00 24.00 NOTE
r-oldrel-windows-x86_64 0.3.0 7.00 47.00 54.00 NOTE

Check Details

Version: 0.3.0
Check: dependencies in R code
Result: NOTE Namespace in Imports field not imported from: ‘R6’ All declared Imports should be used. Flavors: r-devel-linux-x86_64-fedora-clang, r-devel-linux-x86_64-fedora-gcc

Version: 0.3.0
Check: LazyData
Result: NOTE 'LazyData' is specified without a 'data' directory Flavors: r-oldrel-macos-arm64, r-oldrel-macos-x86_64, r-oldrel-windows-x86_64