Last updated on 2025-04-29 13:51:32 CEST.
Flavor | Version | Tinstall | Tcheck | Ttotal | Status | Flags |
---|---|---|---|---|---|---|
r-devel-linux-x86_64-debian-clang | 2.18-2 | 40.24 | 207.42 | 247.66 | NOTE | |
r-devel-linux-x86_64-debian-gcc | 2.18-2 | 25.90 | 134.62 | 160.52 | NOTE | |
r-devel-linux-x86_64-fedora-clang | 2.18-2 | 392.70 | OK | |||
r-devel-linux-x86_64-fedora-gcc | 2.18-2 | 367.87 | OK | |||
r-devel-windows-x86_64 | 2.18-2 | 41.00 | 234.00 | 275.00 | NOTE | |
r-patched-linux-x86_64 | 2.18-2 | 41.59 | 193.22 | 234.81 | NOTE | |
r-release-linux-x86_64 | 2.18-2 | 38.41 | 192.32 | 230.73 | NOTE | |
r-release-macos-arm64 | 2.18-2 | 94.00 | OK | |||
r-release-macos-x86_64 | 2.18-2 | 187.00 | OK | |||
r-release-windows-x86_64 | 2.18-2 | 46.00 | 231.00 | 277.00 | NOTE | |
r-oldrel-macos-arm64 | 2.18-2 | 94.00 | OK | |||
r-oldrel-macos-x86_64 | 2.18-2 | 163.00 | OK | |||
r-oldrel-windows-x86_64 | 2.18-2 | 56.00 | 283.00 | 339.00 | OK |
Version: 2.18-2
Check: Rd cross-references
Result: NOTE
Found the following Rd file(s) with Rd \link{} targets missing package
anchors:
drawOpenKey.Rd: draw.colorkey
smoothTrend.Rd: gam
Please provide package anchors for all Rd \link{} targets not in the
package itself and the base packages.
Flavors: r-devel-linux-x86_64-debian-clang, r-devel-linux-x86_64-debian-gcc, r-devel-windows-x86_64, r-patched-linux-x86_64, r-release-linux-x86_64, r-release-windows-x86_64